{"id":6850,"date":"2021-01-24T10:40:05","date_gmt":"2021-01-24T10:40:05","guid":{"rendered":"http:\/\/megapharm.al\/index.php\/product\/import-placeholder-for-3675\/"},"modified":"2021-01-24T10:40:14","modified_gmt":"2021-01-24T10:40:14","slug":"nano-vitis-method","status":"publish","type":"product","link":"https:\/\/megapharm.al\/?product=nano-vitis-method","title":{"rendered":"Nano VITIS METHOD"},"content":{"rendered":"<p>Nano Spring \u00ebsht\u00eb nj\u00eb \u00ebsht\u00eb nj\u00eb fije e dyfisht\u00eb e resorbueshme, e p\u00ebrdredhur e para-ngarkuar n\u00eb nj\u00eb kanul t\u00eb maj\u00ebs s\u00eb topitur.<br \/>\nIntendedsht\u00eb menduar p\u00ebr rigjall\u00ebrimin dhe blindimin e pjes\u00ebve t\u00eb ndryshme t\u00eb fytyr\u00ebs, qaf\u00ebs dhe trupit. Dizajni ndihmon p\u00ebr t\u00eb prodhuar nj\u00eb efekt m\u00eb t\u00eb madh rigjenerues n\u00eb ind. Sapo t\u00eb futet n\u00eb l\u00ebkur\u00eb, Nano Vitis fillon t\u00eb zgjidhet, duke rritur v\u00ebllimin n\u00ebn l\u00ebkur\u00eb.<br \/>\nRezultati maksimal arrihet n\u00eb 1-1,5 muaj pas procedur\u00ebs dhe zgjat p\u00ebr rreth 1,5-2 vjet. Si rezultat, Nano Vitis zvog\u00eblon shum\u00eb shfaqjen e rrudhave t\u00eb thella t\u00eb fytyr\u00ebs. NV7<br \/>\nP(LA\/CL) twisted pair threads USP 5\/0, EP 1, 135mm &#8211; 5pcs<br \/>\nBlunt tip needle 22Gx70mm, straight &#8211; 5pcs<br \/>\nRemovable needle attachment<\/p>\n","protected":false},"excerpt":{"rendered":"<p>Nano Spring \u00ebsht\u00eb nj\u00eb \u00ebsht\u00eb nj\u00eb fije e dyfisht\u00eb e resorbueshme, e p\u00ebrdredhur e para-ngarkuar n\u00eb nj\u00eb kanul t\u00eb maj\u00ebs s\u00eb topitur.<br \/>\nIntendedsht\u00eb menduar p\u00ebr rigjall\u00ebrimin dhe blindimin e pjes\u00ebve t\u00eb ndryshme t\u00eb fytyr\u00ebs, qaf\u00ebs dhe trupit. Dizajni ndihmon p\u00ebr t\u00eb prodhuar nj\u00eb efekt m\u00eb t\u00eb madh rigjenerues n\u00eb ind. Sapo t\u00eb futet n\u00eb l\u00ebkur\u00eb, Nano Vitis fillon t\u00eb zgjidhet, duke rritur v\u00ebllimin n\u00ebn l\u00ebkur\u00eb.<br \/>\nRezultati maksimal arrihet n\u00eb 1-1,5 muaj pas procedur\u00ebs dhe zgjat p\u00ebr rreth 1,5-2 vjet. Si rezultat, Nano Vitis zvog\u00eblon shum\u00eb shfaqjen e rrudhave t\u00eb thella t\u00eb fytyr\u00ebs. NV7<br \/>\nP(LA\/CL) twisted pair threads USP 5\/0, EP 1, 135mm &#8211; 5pcs<br \/>\nBlunt tip needle 22Gx70mm, straight &#8211; 5pcs<br \/>\nRemovable needle attachment<\/p>\n","protected":false},"featured_media":5936,"comment_status":"open","ping_status":"closed","template":"","meta":[],"product_cat":[139],"product_tag":[],"class_list":{"0":"post-6850","1":"product","2":"type-product","3":"status-publish","4":"has-post-thumbnail","6":"product_cat-aptos","8":"first","9":"instock","10":"shipping-taxable","11":"product-type-simple"},"_links":{"self":[{"href":"https:\/\/megapharm.al\/index.php?rest_route=\/wp\/v2\/product\/6850","targetHints":{"allow":["GET"]}}],"collection":[{"href":"https:\/\/megapharm.al\/index.php?rest_route=\/wp\/v2\/product"}],"about":[{"href":"https:\/\/megapharm.al\/index.php?rest_route=\/wp\/v2\/types\/product"}],"replies":[{"embeddable":true,"href":"https:\/\/megapharm.al\/index.php?rest_route=%2Fwp%2Fv2%2Fcomments&post=6850"}],"wp:featuredmedia":[{"embeddable":true,"href":"https:\/\/megapharm.al\/index.php?rest_route=\/wp\/v2\/media\/5936"}],"wp:attachment":[{"href":"https:\/\/megapharm.al\/index.php?rest_route=%2Fwp%2Fv2%2Fmedia&parent=6850"}],"wp:term":[{"taxonomy":"product_cat","embeddable":true,"href":"https:\/\/megapharm.al\/index.php?rest_route=%2Fwp%2Fv2%2Fproduct_cat&post=6850"},{"taxonomy":"product_tag","embeddable":true,"href":"https:\/\/megapharm.al\/index.php?rest_route=%2Fwp%2Fv2%2Fproduct_tag&post=6850"}],"curies":[{"name":"wp","href":"https:\/\/api.w.org\/{rel}","templated":true}]}}