{"id":6816,"date":"2021-01-24T10:39:49","date_gmt":"2021-01-24T10:39:49","guid":{"rendered":"http:\/\/megapharm.al\/index.php\/product\/import-placeholder-for-3560\/"},"modified":"2021-06-30T04:17:55","modified_gmt":"2021-06-30T04:17:55","slug":"noofen","status":"publish","type":"product","link":"https:\/\/megapharm.al\/?product=noofen","title":{"rendered":"Noofen"},"content":{"rendered":"<p>Principi aktiv: Fenibut.<\/p>\n<p>Formdoza: 250 mg x20 tableta.<\/p>\n<p>Indikacione: Gjendje neurotike astenie dhe t\u00eb lidhura me ankthin: parehati, ankth dhe frik\u00eb n\u00eb pacient\u00ebt e moshuar \u2013 pagjum\u00ebsi dhe ankth gjat\u00eb nat\u00ebs; parandalim i gjendjeve t\u00eb stresit p\u00ebrpara nd\u00ebrhyrjeve kirurgjikale<br \/>\nParandalim i kinetoz\u00ebs<br \/>\nP\u00ebr tike dhe belbezime n\u00eb f\u00ebmij\u00eb<br \/>\nTrajtim ndihm\u00ebs p\u00ebr kompesimin e sindromit t\u00eb abstinenc\u00ebs s\u00eb alkoolit<br \/>\nS\u00ebmundja Meniere dhe vertigo e lidhur me \u00e7rregullim t\u00eb funksionit t\u00eb sistemit vestibular<\/p>\n","protected":false},"excerpt":{"rendered":"<p>Principi aktiv: Fenibut.<\/p>\n<p>Formdoza: 250 mg x20 tableta.<\/p>\n<p>Indikacione: Gjendje neurotike astenie dhe t\u00eb lidhura me ankthin: parehati, ankth dhe frik\u00eb n\u00eb pacient\u00ebt e moshuar \u2013 pagjum\u00ebsi dhe ankth gjat\u00eb nat\u00ebs; parandalim i gjendjeve t\u00eb stresit p\u00ebrpara nd\u00ebrhyrjeve kirurgjikale<br \/>\nParandalim i kinetoz\u00ebs<br \/>\nP\u00ebr tike dhe belbezime n\u00eb f\u00ebmij\u00eb<br \/>\nTrajtim ndihm\u00ebs p\u00ebr kompesimin e sindromit t\u00eb abstinenc\u00ebs s\u00eb alkoolit<br \/>\nS\u00ebmundja Meniere dhe vertigo e lidhur me \u00e7rregullim t\u00eb funksionit t\u00eb sistemit vestibular<\/p>\n","protected":false},"featured_media":5922,"comment_status":"open","ping_status":"closed","template":"","meta":[],"product_cat":[147,62],"product_tag":[],"class_list":{"0":"post-6816","1":"product","2":"type-product","3":"status-publish","4":"has-post-thumbnail","6":"product_cat-olain-produktet-sipas-kompanive","7":"product_cat-sistemi-nervor","9":"first","10":"instock","11":"shipping-taxable","12":"product-type-simple"},"_links":{"self":[{"href":"https:\/\/megapharm.al\/index.php?rest_route=\/wp\/v2\/product\/6816","targetHints":{"allow":["GET"]}}],"collection":[{"href":"https:\/\/megapharm.al\/index.php?rest_route=\/wp\/v2\/product"}],"about":[{"href":"https:\/\/megapharm.al\/index.php?rest_route=\/wp\/v2\/types\/product"}],"replies":[{"embeddable":true,"href":"https:\/\/megapharm.al\/index.php?rest_route=%2Fwp%2Fv2%2Fcomments&post=6816"}],"wp:featuredmedia":[{"embeddable":true,"href":"https:\/\/megapharm.al\/index.php?rest_route=\/wp\/v2\/media\/5922"}],"wp:attachment":[{"href":"https:\/\/megapharm.al\/index.php?rest_route=%2Fwp%2Fv2%2Fmedia&parent=6816"}],"wp:term":[{"taxonomy":"product_cat","embeddable":true,"href":"https:\/\/megapharm.al\/index.php?rest_route=%2Fwp%2Fv2%2Fproduct_cat&post=6816"},{"taxonomy":"product_tag","embeddable":true,"href":"https:\/\/megapharm.al\/index.php?rest_route=%2Fwp%2Fv2%2Fproduct_tag&post=6816"}],"curies":[{"name":"wp","href":"https:\/\/api.w.org\/{rel}","templated":true}]}}