{"id":6811,"date":"2021-01-24T10:39:49","date_gmt":"2021-01-24T10:39:49","guid":{"rendered":"http:\/\/megapharm.al\/index.php\/product\/import-placeholder-for-3555\/"},"modified":"2021-01-24T10:39:55","modified_gmt":"2021-01-24T10:39:55","slug":"remavir","status":"publish","type":"product","link":"https:\/\/megapharm.al\/?product=remavir","title":{"rendered":"Remavir"},"content":{"rendered":"<p>Principi aktiv: Rimantadin\u00eb hidroklorike.<\/p>\n<p>Formdoza: 50x 20 tableta.<\/p>\n<p>Indikacione terapeutike<br \/>\nTrajtim i hersh\u00ebm i infeksioneve virale t\u00eb influenc\u00ebs n\u00eb t\u00eb rritur dhe f\u00ebmij\u00eb mbi 7 vje\u00e7<br \/>\nParandalim gjat\u00eb epidemis\u00eb virale t\u00eb influenc\u00ebs p\u00ebr t\u00eb rritur dhe f\u00ebmij\u00eb prej mosh\u00ebs 7 vje\u00e7<\/p>\n","protected":false},"excerpt":{"rendered":"<p>Principi aktiv: Rimantadin\u00eb hidroklorike.<\/p>\n<p>Formdoza: 50x 20 tableta.<\/p>\n<p>Indikacione terapeutike<br \/>\nTrajtim i hersh\u00ebm i infeksioneve virale t\u00eb influenc\u00ebs n\u00eb t\u00eb rritur dhe f\u00ebmij\u00eb mbi 7 vje\u00e7<br \/>\nParandalim gjat\u00eb epidemis\u00eb virale t\u00eb influenc\u00ebs p\u00ebr t\u00eb rritur dhe f\u00ebmij\u00eb prej mosh\u00ebs 7 vje\u00e7<\/p>\n","protected":false},"featured_media":5917,"comment_status":"open","ping_status":"closed","template":"","meta":[],"product_cat":[147,72],"product_tag":[],"class_list":{"0":"post-6811","1":"product","2":"type-product","3":"status-publish","4":"has-post-thumbnail","6":"product_cat-olain-produktet-sipas-kompanive","7":"product_cat-anti-infektiv","9":"first","10":"instock","11":"shipping-taxable","12":"product-type-simple"},"_links":{"self":[{"href":"https:\/\/megapharm.al\/index.php?rest_route=\/wp\/v2\/product\/6811","targetHints":{"allow":["GET"]}}],"collection":[{"href":"https:\/\/megapharm.al\/index.php?rest_route=\/wp\/v2\/product"}],"about":[{"href":"https:\/\/megapharm.al\/index.php?rest_route=\/wp\/v2\/types\/product"}],"replies":[{"embeddable":true,"href":"https:\/\/megapharm.al\/index.php?rest_route=%2Fwp%2Fv2%2Fcomments&post=6811"}],"wp:featuredmedia":[{"embeddable":true,"href":"https:\/\/megapharm.al\/index.php?rest_route=\/wp\/v2\/media\/5917"}],"wp:attachment":[{"href":"https:\/\/megapharm.al\/index.php?rest_route=%2Fwp%2Fv2%2Fmedia&parent=6811"}],"wp:term":[{"taxonomy":"product_cat","embeddable":true,"href":"https:\/\/megapharm.al\/index.php?rest_route=%2Fwp%2Fv2%2Fproduct_cat&post=6811"},{"taxonomy":"product_tag","embeddable":true,"href":"https:\/\/megapharm.al\/index.php?rest_route=%2Fwp%2Fv2%2Fproduct_tag&post=6811"}],"curies":[{"name":"wp","href":"https:\/\/api.w.org\/{rel}","templated":true}]}}