{"id":6790,"date":"2021-01-24T10:39:37","date_gmt":"2021-01-24T10:39:37","guid":{"rendered":"http:\/\/megapharm.al\/index.php\/product\/import-placeholder-for-3462\/"},"modified":"2021-01-24T10:39:44","modified_gmt":"2021-01-24T10:39:44","slug":"lipofusion-intensive-night-cream","status":"publish","type":"product","link":"https:\/\/megapharm.al\/?product=lipofusion-intensive-night-cream","title":{"rendered":"Lipofusion Intensive Night Cream"},"content":{"rendered":"<p>P\u00ebrshkrimi i produktit<br \/>\nLipofusion Intensive Night Cream, krem nat\u00eb \u00ebsht\u00eb nj\u00eb trajtim me veprim t\u00eb synuar ndaj pap\u00ebrsosm\u00ebrive t\u00eb celulitit kontrast q\u00eb funksionon gjat\u00eb nat\u00ebs, duke shfryt\u00ebzuar parimet e kronobiologjis\u00eb. Formulimi i tij \u00ebsht\u00eb potencuar n\u00eb parimet aktive specifike n\u00eb linj\u00eb dhe efikasiteti i tij kompletohet nga nj\u00eb p\u00ebrzierje e vajrave esencial\u00eb me efekt relaksues. Cil\u00ebsia e saj kremoze \u00ebsht\u00eb gjithashtu e p\u00ebrshtatshme p\u00ebr masazhe t\u00eb gjata.<br \/>\nAi nuk p\u00ebrmban asnj\u00eb p\u00ebrb\u00ebr\u00ebs q\u00eb nuk rekomandohet n\u00eb shtatzani.<br \/>\nP\u00ebr nj\u00eb trajtim t\u00eb plot\u00eb, rekomandohet p\u00ebrdorimi i tij i kombinuar me produktet e tjera n\u00eb linj\u00ebn Rilastil Lipofusion (Ampulat e Koncentratit dhe L\u00ebngu).<br \/>\nP\u00ebrdorimi<br \/>\nAplikojeni produktin n\u00eb m\u00ebngjes dhe n\u00eb dark\u00eb dhe masazhojeni deri n\u00eb p\u00ebrthithjen e plot\u00eb.<br \/>\nSasia: 200 ml<\/p>\n","protected":false},"excerpt":{"rendered":"<p>P\u00ebrshkrimi i produktit<br \/>\nLipofusion Intensive Night Cream, krem nat\u00eb \u00ebsht\u00eb nj\u00eb trajtim me veprim t\u00eb synuar ndaj pap\u00ebrsosm\u00ebrive t\u00eb celulitit kontrast q\u00eb funksionon gjat\u00eb nat\u00ebs, duke shfryt\u00ebzuar parimet e kronobiologjis\u00eb. Formulimi i tij \u00ebsht\u00eb potencuar n\u00eb parimet aktive specifike n\u00eb linj\u00eb dhe efikasiteti i tij kompletohet nga nj\u00eb p\u00ebrzierje e vajrave esencial\u00eb me efekt relaksues. Cil\u00ebsia e saj kremoze \u00ebsht\u00eb gjithashtu e p\u00ebrshtatshme p\u00ebr masazhe t\u00eb gjata.<br \/>\nAi nuk p\u00ebrmban asnj\u00eb p\u00ebrb\u00ebr\u00ebs q\u00eb nuk rekomandohet n\u00eb shtatzani.<br \/>\nP\u00ebr nj\u00eb trajtim t\u00eb plot\u00eb, rekomandohet p\u00ebrdorimi i tij i kombinuar me produktet e tjera n\u00eb linj\u00ebn Rilastil Lipofusion (Ampulat e Koncentratit dhe L\u00ebngu).<br \/>\nP\u00ebrdorimi<br \/>\nAplikojeni produktin n\u00eb m\u00ebngjes dhe n\u00eb dark\u00eb dhe masazhojeni deri n\u00eb p\u00ebrthithjen e plot\u00eb.<br \/>\nSasia: 200 ml<\/p>\n","protected":false},"featured_media":5896,"comment_status":"open","ping_status":"closed","template":"","meta":[],"product_cat":[123],"product_tag":[],"class_list":{"0":"post-6790","1":"product","2":"type-product","3":"status-publish","4":"has-post-thumbnail","6":"product_cat-rilastil","8":"first","9":"instock","10":"shipping-taxable","11":"product-type-simple"},"_links":{"self":[{"href":"https:\/\/megapharm.al\/index.php?rest_route=\/wp\/v2\/product\/6790","targetHints":{"allow":["GET"]}}],"collection":[{"href":"https:\/\/megapharm.al\/index.php?rest_route=\/wp\/v2\/product"}],"about":[{"href":"https:\/\/megapharm.al\/index.php?rest_route=\/wp\/v2\/types\/product"}],"replies":[{"embeddable":true,"href":"https:\/\/megapharm.al\/index.php?rest_route=%2Fwp%2Fv2%2Fcomments&post=6790"}],"wp:featuredmedia":[{"embeddable":true,"href":"https:\/\/megapharm.al\/index.php?rest_route=\/wp\/v2\/media\/5896"}],"wp:attachment":[{"href":"https:\/\/megapharm.al\/index.php?rest_route=%2Fwp%2Fv2%2Fmedia&parent=6790"}],"wp:term":[{"taxonomy":"product_cat","embeddable":true,"href":"https:\/\/megapharm.al\/index.php?rest_route=%2Fwp%2Fv2%2Fproduct_cat&post=6790"},{"taxonomy":"product_tag","embeddable":true,"href":"https:\/\/megapharm.al\/index.php?rest_route=%2Fwp%2Fv2%2Fproduct_tag&post=6790"}],"curies":[{"name":"wp","href":"https:\/\/api.w.org\/{rel}","templated":true}]}}