{"id":6786,"date":"2021-01-24T10:39:37","date_gmt":"2021-01-24T10:39:37","guid":{"rendered":"http:\/\/megapharm.al\/index.php\/product\/import-placeholder-for-3458\/"},"modified":"2021-01-24T10:39:43","modified_gmt":"2021-01-24T10:39:43","slug":"xerolact-lotion-12","status":"publish","type":"product","link":"https:\/\/megapharm.al\/?product=xerolact-lotion-12","title":{"rendered":"XEROLACT  LOTION 12%"},"content":{"rendered":"<p>P\u00ebrshkrimi i produktit<br \/>\nTrajtim i p\u00ebrditsh\u00ebm i l\u00ebkur\u00ebs me tendenc\u00eb xerotike (t\u00eb that\u00eb), dhe \u00ebsht\u00eb ndihmues n\u00eb rastet e psoriazes, ekzemes kronike. Normalizon trash\u00ebsine e shtres\u00ebs s\u00eb kornes\u00eb n\u00eb zonat e lokalizuara.<br \/>\nP\u00ebrmban: Acid hialuronik, Vitamin\u00eb E, glicerine dhe gjalp shea. Zbusin, qet\u00ebsojne dhe b\u00ebjn\u00eb l\u00ebkur\u00ebn m\u00eb elastike.<br \/>\nRezultati \u00ebsht\u00eb nj\u00eb l\u00ebkur\u00eb e hidratuar, e l\u00ebmuar dhe elastike.<br \/>\nP\u00ebrdorimi<br \/>\nAplikojeni 1-2 her\u00eb n\u00eb dit\u00eb n\u00eb l\u00ebkur\u00eb t\u00eb that\u00eb.<br \/>\nK\u00ebshillohet p\u00ebrdorimi pas dushit.<br \/>\nSasia: 250ml<\/p>\n","protected":false},"excerpt":{"rendered":"<p>P\u00ebrshkrimi i produktit<br \/>\nTrajtim i p\u00ebrditsh\u00ebm i l\u00ebkur\u00ebs me tendenc\u00eb xerotike (t\u00eb that\u00eb), dhe \u00ebsht\u00eb ndihmues n\u00eb rastet e psoriazes, ekzemes kronike. Normalizon trash\u00ebsine e shtres\u00ebs s\u00eb kornes\u00eb n\u00eb zonat e lokalizuara.<br \/>\nP\u00ebrmban: Acid hialuronik, Vitamin\u00eb E, glicerine dhe gjalp shea. Zbusin, qet\u00ebsojne dhe b\u00ebjn\u00eb l\u00ebkur\u00ebn m\u00eb elastike.<br \/>\nRezultati \u00ebsht\u00eb nj\u00eb l\u00ebkur\u00eb e hidratuar, e l\u00ebmuar dhe elastike.<br \/>\nP\u00ebrdorimi<br \/>\nAplikojeni 1-2 her\u00eb n\u00eb dit\u00eb n\u00eb l\u00ebkur\u00eb t\u00eb that\u00eb.<br \/>\nK\u00ebshillohet p\u00ebrdorimi pas dushit.<br \/>\nSasia: 250ml<\/p>\n","protected":false},"featured_media":5892,"comment_status":"open","ping_status":"closed","template":"","meta":[],"product_cat":[123],"product_tag":[],"class_list":{"0":"post-6786","1":"product","2":"type-product","3":"status-publish","4":"has-post-thumbnail","6":"product_cat-rilastil","8":"first","9":"instock","10":"shipping-taxable","11":"product-type-simple"},"_links":{"self":[{"href":"https:\/\/megapharm.al\/index.php?rest_route=\/wp\/v2\/product\/6786","targetHints":{"allow":["GET"]}}],"collection":[{"href":"https:\/\/megapharm.al\/index.php?rest_route=\/wp\/v2\/product"}],"about":[{"href":"https:\/\/megapharm.al\/index.php?rest_route=\/wp\/v2\/types\/product"}],"replies":[{"embeddable":true,"href":"https:\/\/megapharm.al\/index.php?rest_route=%2Fwp%2Fv2%2Fcomments&post=6786"}],"wp:featuredmedia":[{"embeddable":true,"href":"https:\/\/megapharm.al\/index.php?rest_route=\/wp\/v2\/media\/5892"}],"wp:attachment":[{"href":"https:\/\/megapharm.al\/index.php?rest_route=%2Fwp%2Fv2%2Fmedia&parent=6786"}],"wp:term":[{"taxonomy":"product_cat","embeddable":true,"href":"https:\/\/megapharm.al\/index.php?rest_route=%2Fwp%2Fv2%2Fproduct_cat&post=6786"},{"taxonomy":"product_tag","embeddable":true,"href":"https:\/\/megapharm.al\/index.php?rest_route=%2Fwp%2Fv2%2Fproduct_tag&post=6786"}],"curies":[{"name":"wp","href":"https:\/\/api.w.org\/{rel}","templated":true}]}}