{"id":6780,"date":"2021-01-24T10:39:36","date_gmt":"2021-01-24T10:39:36","guid":{"rendered":"http:\/\/megapharm.al\/index.php\/product\/import-placeholder-for-3452\/"},"modified":"2021-01-24T10:39:41","modified_gmt":"2021-01-24T10:39:41","slug":"d-clar-serum","status":"publish","type":"product","link":"https:\/\/megapharm.al\/?product=d-clar-serum","title":{"rendered":"D-Clar Serum"},"content":{"rendered":"<p>P\u00ebrshkrimi i produktit<br \/>\nRilastil D-Clear Serum \u00ebsht\u00eb nj\u00eb serum p\u00ebr trajtimin intensiv t\u00eb diskromis\u00eb, i p\u00ebrshtatsh\u00ebm p\u00ebr l\u00ebkurat me njolla (njolla nga dielli, me akne apo hiperkromi.). Ky \u00ebsht\u00eb nj\u00eb serum me efekt zbardhues dhe ndihmon n\u00eb uniformimin e ngjyr\u00ebs s\u00eb l\u00ebkur\u00ebs. P\u00ebrmban p\u00ebrb\u00ebr\u00ebs aktiv\u00eb t\u00eb cil\u00ebt veprojn\u00eb n\u00eb t\u00eb gjitha fazat e zbehjes s\u00eb l\u00ebkur\u00ebs. Stimulon rinovimin e qelizave ( Tripeptide liposomiale, AHA dhe frutat) Parandalon kalimin e melanin\u00ebs n\u00eb sip\u00ebrfaqe t\u00eb l\u00ebkur\u00ebs (Vitamina PP) Shnd\u00ebrron melanin\u00ebn e err\u00ebt n\u00eb at\u00eb pa ngjyre (Vitamina C High- Tech ) Parandalon sintez\u00ebn e melanin\u00ebs ( Tetrapeptide 30, 4- Butilresorcinoli, ekstrakt bozhure) Zbut l\u00ebkur\u00ebn (Vitamina E, ADN sodium) Pa parfum dhe derivate t\u00eb grurit. Hipoalergjik. Jo komedogjenik. Testuar klinikisht. Testuar p\u00ebr nikel, krom, kobalt, paladium ,merkur.<br \/>\nP\u00ebrdorimi<br \/>\nAplikoni 4-5 pika n\u00eb m\u00ebngjes n\u00eb fytyr\u00eb para se t\u00eb aplikoni kremin hidratues ose n\u00eb kombinim. Shmangni ekspozimin n\u00eb diell ose p\u00ebrdorni kremin me faktor t\u00eb lart\u00eb mbrojt\u00ebs. P\u00ebr trajtim t\u00eb lokalizuar intensiv p\u00ebrdorni 1-2 pika n\u00eb zonen e prekur (me njolla), 1-2 her\u00eb n\u00eb dit\u00eb. Serumi mund t\u00eb p\u00ebrdoret edhe n\u00eb faqe dhe dekolte.<br \/>\nSasia: 30ml<\/p>\n","protected":false},"excerpt":{"rendered":"<p>P\u00ebrshkrimi i produktit<br \/>\nRilastil D-Clear Serum \u00ebsht\u00eb nj\u00eb serum p\u00ebr trajtimin intensiv t\u00eb diskromis\u00eb, i p\u00ebrshtatsh\u00ebm p\u00ebr l\u00ebkurat me njolla (njolla nga dielli, me akne apo hiperkromi.). Ky \u00ebsht\u00eb nj\u00eb serum me efekt zbardhues dhe ndihmon n\u00eb uniformimin e ngjyr\u00ebs s\u00eb l\u00ebkur\u00ebs. P\u00ebrmban p\u00ebrb\u00ebr\u00ebs aktiv\u00eb t\u00eb cil\u00ebt veprojn\u00eb n\u00eb t\u00eb gjitha fazat e zbehjes s\u00eb l\u00ebkur\u00ebs. Stimulon rinovimin e qelizave ( Tripeptide liposomiale, AHA dhe frutat) Parandalon kalimin e melanin\u00ebs n\u00eb sip\u00ebrfaqe t\u00eb l\u00ebkur\u00ebs (Vitamina PP) Shnd\u00ebrron melanin\u00ebn e err\u00ebt n\u00eb at\u00eb pa ngjyre (Vitamina C High- Tech ) Parandalon sintez\u00ebn e melanin\u00ebs ( Tetrapeptide 30, 4- Butilresorcinoli, ekstrakt bozhure) Zbut l\u00ebkur\u00ebn (Vitamina E, ADN sodium) Pa parfum dhe derivate t\u00eb grurit. Hipoalergjik. Jo komedogjenik. Testuar klinikisht. Testuar p\u00ebr nikel, krom, kobalt, paladium ,merkur.<br \/>\nP\u00ebrdorimi<br \/>\nAplikoni 4-5 pika n\u00eb m\u00ebngjes n\u00eb fytyr\u00eb para se t\u00eb aplikoni kremin hidratues ose n\u00eb kombinim. Shmangni ekspozimin n\u00eb diell ose p\u00ebrdorni kremin me faktor t\u00eb lart\u00eb mbrojt\u00ebs. P\u00ebr trajtim t\u00eb lokalizuar intensiv p\u00ebrdorni 1-2 pika n\u00eb zonen e prekur (me njolla), 1-2 her\u00eb n\u00eb dit\u00eb. Serumi mund t\u00eb p\u00ebrdoret edhe n\u00eb faqe dhe dekolte.<br \/>\nSasia: 30ml<\/p>\n","protected":false},"featured_media":5886,"comment_status":"open","ping_status":"closed","template":"","meta":[],"product_cat":[123],"product_tag":[],"class_list":{"0":"post-6780","1":"product","2":"type-product","3":"status-publish","4":"has-post-thumbnail","6":"product_cat-rilastil","8":"first","9":"instock","10":"shipping-taxable","11":"product-type-simple"},"_links":{"self":[{"href":"https:\/\/megapharm.al\/index.php?rest_route=\/wp\/v2\/product\/6780","targetHints":{"allow":["GET"]}}],"collection":[{"href":"https:\/\/megapharm.al\/index.php?rest_route=\/wp\/v2\/product"}],"about":[{"href":"https:\/\/megapharm.al\/index.php?rest_route=\/wp\/v2\/types\/product"}],"replies":[{"embeddable":true,"href":"https:\/\/megapharm.al\/index.php?rest_route=%2Fwp%2Fv2%2Fcomments&post=6780"}],"wp:featuredmedia":[{"embeddable":true,"href":"https:\/\/megapharm.al\/index.php?rest_route=\/wp\/v2\/media\/5886"}],"wp:attachment":[{"href":"https:\/\/megapharm.al\/index.php?rest_route=%2Fwp%2Fv2%2Fmedia&parent=6780"}],"wp:term":[{"taxonomy":"product_cat","embeddable":true,"href":"https:\/\/megapharm.al\/index.php?rest_route=%2Fwp%2Fv2%2Fproduct_cat&post=6780"},{"taxonomy":"product_tag","embeddable":true,"href":"https:\/\/megapharm.al\/index.php?rest_route=%2Fwp%2Fv2%2Fproduct_tag&post=6780"}],"curies":[{"name":"wp","href":"https:\/\/api.w.org\/{rel}","templated":true}]}}