{"id":6774,"date":"2021-01-24T10:39:35","date_gmt":"2021-01-24T10:39:35","guid":{"rendered":"http:\/\/megapharm.al\/index.php\/product\/import-placeholder-for-3446\/"},"modified":"2021-01-24T10:39:40","modified_gmt":"2021-01-24T10:39:40","slug":"progression-moisturizing-cream","status":"publish","type":"product","link":"https:\/\/megapharm.al\/?product=progression-moisturizing-cream","title":{"rendered":"Progression Moisturizing Cream"},"content":{"rendered":"<p>P\u00ebrshkrimi i produktit<br \/>\nProgression Moisturizing Cream \u00ebsht\u00eb nj\u00eb trajtim anti-rrudh\u00eb. Ai vepron n\u00eb rrudhat me t\u00eb thella, mbush dhe ribalancon l\u00ebkur\u00ebn. Ka nj\u00eb formul\u00eb t\u00eb pasur e cila b\u00ebn q\u00eb l\u00ebkura t\u00eb jet\u00eb m\u00eb e shndritshme, e hidratuar dhe m\u00eb e re.<br \/>\n&gt; Acid hialuronik- redukton rrudhat e im\u00ebta dhe ato t\u00eb dukshme.<br \/>\n&gt; Kompleks vitaminash- ushqejn\u00eb l\u00ebkur\u00ebn n\u00eb thell\u00ebsi.<br \/>\n&gt; Ceramide-Krijon nj\u00eb barrier\u00eb mbrojt\u00ebse p\u00ebr l\u00ebkur\u00ebn .Nuk bllokon poret.<br \/>\nP\u00ebr l\u00ebkur\u00eb normale dhe mikse.<br \/>\nI p\u00ebrshtatsh\u00ebm p\u00ebr mosha 50-60 vje\u00e7<br \/>\nTestuar klinikisht dhe dermatologjikisht. Testuar per Nikel, Kobalt, Krom, Paladium, dhe M\u00ebrkur.<br \/>\nP\u00ebrdorimi<br \/>\nAplikojeni n\u00eb fytyr\u00eb dhe qaf\u00eb n\u00eb m\u00ebngjes dhe dark\u00eb.<br \/>\nSasia: 50ml<\/p>\n","protected":false},"excerpt":{"rendered":"<p>P\u00ebrshkrimi i produktit<br \/>\nProgression Moisturizing Cream \u00ebsht\u00eb nj\u00eb trajtim anti-rrudh\u00eb. Ai vepron n\u00eb rrudhat me t\u00eb thella, mbush dhe ribalancon l\u00ebkur\u00ebn. Ka nj\u00eb formul\u00eb t\u00eb pasur e cila b\u00ebn q\u00eb l\u00ebkura t\u00eb jet\u00eb m\u00eb e shndritshme, e hidratuar dhe m\u00eb e re.<br \/>\n&gt; Acid hialuronik- redukton rrudhat e im\u00ebta dhe ato t\u00eb dukshme.<br \/>\n&gt; Kompleks vitaminash- ushqejn\u00eb l\u00ebkur\u00ebn n\u00eb thell\u00ebsi.<br \/>\n&gt; Ceramide-Krijon nj\u00eb barrier\u00eb mbrojt\u00ebse p\u00ebr l\u00ebkur\u00ebn .Nuk bllokon poret.<br \/>\nP\u00ebr l\u00ebkur\u00eb normale dhe mikse.<br \/>\nI p\u00ebrshtatsh\u00ebm p\u00ebr mosha 50-60 vje\u00e7<br \/>\nTestuar klinikisht dhe dermatologjikisht. Testuar per Nikel, Kobalt, Krom, Paladium, dhe M\u00ebrkur.<br \/>\nP\u00ebrdorimi<br \/>\nAplikojeni n\u00eb fytyr\u00eb dhe qaf\u00eb n\u00eb m\u00ebngjes dhe dark\u00eb.<br \/>\nSasia: 50ml<\/p>\n","protected":false},"featured_media":5880,"comment_status":"open","ping_status":"closed","template":"","meta":[],"product_cat":[123],"product_tag":[],"class_list":{"0":"post-6774","1":"product","2":"type-product","3":"status-publish","4":"has-post-thumbnail","6":"product_cat-rilastil","8":"first","9":"instock","10":"shipping-taxable","11":"product-type-simple"},"_links":{"self":[{"href":"https:\/\/megapharm.al\/index.php?rest_route=\/wp\/v2\/product\/6774","targetHints":{"allow":["GET"]}}],"collection":[{"href":"https:\/\/megapharm.al\/index.php?rest_route=\/wp\/v2\/product"}],"about":[{"href":"https:\/\/megapharm.al\/index.php?rest_route=\/wp\/v2\/types\/product"}],"replies":[{"embeddable":true,"href":"https:\/\/megapharm.al\/index.php?rest_route=%2Fwp%2Fv2%2Fcomments&post=6774"}],"wp:featuredmedia":[{"embeddable":true,"href":"https:\/\/megapharm.al\/index.php?rest_route=\/wp\/v2\/media\/5880"}],"wp:attachment":[{"href":"https:\/\/megapharm.al\/index.php?rest_route=%2Fwp%2Fv2%2Fmedia&parent=6774"}],"wp:term":[{"taxonomy":"product_cat","embeddable":true,"href":"https:\/\/megapharm.al\/index.php?rest_route=%2Fwp%2Fv2%2Fproduct_cat&post=6774"},{"taxonomy":"product_tag","embeddable":true,"href":"https:\/\/megapharm.al\/index.php?rest_route=%2Fwp%2Fv2%2Fproduct_tag&post=6774"}],"curies":[{"name":"wp","href":"https:\/\/api.w.org\/{rel}","templated":true}]}}