{"id":6770,"date":"2021-01-24T10:39:35","date_gmt":"2021-01-24T10:39:35","guid":{"rendered":"http:\/\/megapharm.al\/index.php\/product\/import-placeholder-for-3442\/"},"modified":"2021-01-24T10:39:39","modified_gmt":"2021-01-24T10:39:39","slug":"hydrotenseur-antiwrinkle-eye-contour-cream","status":"publish","type":"product","link":"https:\/\/megapharm.al\/?product=hydrotenseur-antiwrinkle-eye-contour-cream","title":{"rendered":"Hydrotenseur Antiwrinkle Eye Contour Cream"},"content":{"rendered":"<p>P\u00ebrshkrimi i produktit<br \/>\nHydrotenseur trajton shkaqet e plakjes s\u00eb l\u00ebkur\u00ebs s\u00eb syve, t\u00eb qeseve dhe rrath\u00ebve t\u00eb zinj. Lufton n\u00eb menyre efikase rrudhat e lehta. P\u00ebrb\u00ebhet nga Calmosensine dhe Eyes care complex. Rrit q\u00ebndrueshm\u00ebrin\u00eb dhe elsticitetin e l\u00ebkur\u00ebs, redukton rrudhat, qeset dhe rrath\u00ebt e zinj rreth syve. L\u00ebkura \u00ebsht\u00eb m\u00eb kompakte, m\u00eb e fresk\u00ebt dhe m\u00eb e but\u00eb. Jo komedogjenik. Pa ngjyrues. Pa paraben. Pa parfum. Hipoalergjik. Testuar klinikisht, dermatologjikisht dhe mikrobiologjikisht. Testuar p\u00ebr Nikel, Kobalt, Krom, Palladium dhe M\u00ebrkur.<br \/>\nP\u00ebrdorimi<br \/>\nAplikojeni n\u00eb m\u00ebngjes dhe\/ose dark\u00eb n\u00eb zon\u00ebn rreth syve duke e masazhuar me l\u00ebvizje t\u00eb shpejta rrethore deri n\u00eb p\u00ebrthithjen totale.<br \/>\nSasia: 15ml<\/p>\n","protected":false},"excerpt":{"rendered":"<p>P\u00ebrshkrimi i produktit<br \/>\nHydrotenseur trajton shkaqet e plakjes s\u00eb l\u00ebkur\u00ebs s\u00eb syve, t\u00eb qeseve dhe rrath\u00ebve t\u00eb zinj. Lufton n\u00eb menyre efikase rrudhat e lehta. P\u00ebrb\u00ebhet nga Calmosensine dhe Eyes care complex. Rrit q\u00ebndrueshm\u00ebrin\u00eb dhe elsticitetin e l\u00ebkur\u00ebs, redukton rrudhat, qeset dhe rrath\u00ebt e zinj rreth syve. L\u00ebkura \u00ebsht\u00eb m\u00eb kompakte, m\u00eb e fresk\u00ebt dhe m\u00eb e but\u00eb. Jo komedogjenik. Pa ngjyrues. Pa paraben. Pa parfum. Hipoalergjik. Testuar klinikisht, dermatologjikisht dhe mikrobiologjikisht. Testuar p\u00ebr Nikel, Kobalt, Krom, Palladium dhe M\u00ebrkur.<br \/>\nP\u00ebrdorimi<br \/>\nAplikojeni n\u00eb m\u00ebngjes dhe\/ose dark\u00eb n\u00eb zon\u00ebn rreth syve duke e masazhuar me l\u00ebvizje t\u00eb shpejta rrethore deri n\u00eb p\u00ebrthithjen totale.<br \/>\nSasia: 15ml<\/p>\n","protected":false},"featured_media":5876,"comment_status":"open","ping_status":"closed","template":"","meta":[],"product_cat":[123],"product_tag":[],"class_list":{"0":"post-6770","1":"product","2":"type-product","3":"status-publish","4":"has-post-thumbnail","6":"product_cat-rilastil","8":"first","9":"instock","10":"shipping-taxable","11":"product-type-simple"},"_links":{"self":[{"href":"https:\/\/megapharm.al\/index.php?rest_route=\/wp\/v2\/product\/6770","targetHints":{"allow":["GET"]}}],"collection":[{"href":"https:\/\/megapharm.al\/index.php?rest_route=\/wp\/v2\/product"}],"about":[{"href":"https:\/\/megapharm.al\/index.php?rest_route=\/wp\/v2\/types\/product"}],"replies":[{"embeddable":true,"href":"https:\/\/megapharm.al\/index.php?rest_route=%2Fwp%2Fv2%2Fcomments&post=6770"}],"wp:featuredmedia":[{"embeddable":true,"href":"https:\/\/megapharm.al\/index.php?rest_route=\/wp\/v2\/media\/5876"}],"wp:attachment":[{"href":"https:\/\/megapharm.al\/index.php?rest_route=%2Fwp%2Fv2%2Fmedia&parent=6770"}],"wp:term":[{"taxonomy":"product_cat","embeddable":true,"href":"https:\/\/megapharm.al\/index.php?rest_route=%2Fwp%2Fv2%2Fproduct_cat&post=6770"},{"taxonomy":"product_tag","embeddable":true,"href":"https:\/\/megapharm.al\/index.php?rest_route=%2Fwp%2Fv2%2Fproduct_tag&post=6770"}],"curies":[{"name":"wp","href":"https:\/\/api.w.org\/{rel}","templated":true}]}}