{"id":6762,"date":"2021-01-24T10:39:23","date_gmt":"2021-01-24T10:39:23","guid":{"rendered":"http:\/\/megapharm.al\/index.php\/product\/import-placeholder-for-3434\/"},"modified":"2022-08-05T11:56:52","modified_gmt":"2022-08-05T11:56:52","slug":"aqua-moisturizing-cream-spf-15","status":"publish","type":"product","link":"https:\/\/megapharm.al\/?product=aqua-moisturizing-cream-spf-15","title":{"rendered":"Aqua Moisturizing Cream SPF 15"},"content":{"rendered":"<p>P\u00ebrshkrimi i produktit<br \/>\nKrem hidratant me faktor mbrojt\u00ebs i cili ushqen dhe mbron l\u00ebkur\u00ebn. Ka nj\u00eb tekstur\u00eb t\u00eb fresk\u00ebt dhe kremoze. Aqua e Rilastil \u00ebsht\u00eb i past\u00ebr dhe i pasur me veti hidratuese. Mbron nga rrezet UVA dhe UVB duke ngadal\u00ebsuar pro\u00e7esin e plakjes s\u00eb l\u00ebkur\u00ebs.Kthen n\u00eb gjendjen normale hidratimin e epiderm\u00ebs Ushqen dhe mbron l\u00ebkur\u00ebn. Pengon humbjen e ujit n\u00eb l\u00ebkur\u00eb. Mbron l\u00ebkur\u00ebn nga sulmet e jashtme dhe nga d\u00ebmet e foto-plakjes. Zbut dhe jep shk\u00eblqim l\u00ebkur\u00ebs.<br \/>\nPerdorimi<br \/>\nPas pastrimit t\u00eb l\u00ebkur\u00ebs aplikojeni kremin n\u00eb fytyr\u00eb dhe n\u00eb qaf\u00eb. Masazhojeni n\u00eb m\u00ebnyr\u00eb delikate me l\u00ebvizje rrethore deri n\u00eb p\u00ebrthithje t\u00eb plot\u00eb.<br \/>\nSasia: 50ml<\/p>\n","protected":false},"excerpt":{"rendered":"<p>P\u00ebrshkrimi i produktit<br \/>\nKrem hidratant me faktor mbrojt\u00ebs i cili ushqen dhe mbron l\u00ebkur\u00ebn. Ka nj\u00eb tekstur\u00eb t\u00eb fresk\u00ebt dhe kremoze. Aqua e Rilastil \u00ebsht\u00eb i past\u00ebr dhe i pasur me veti hidratuese. Mbron nga rrezet UVA dhe UVB duke ngadal\u00ebsuar pro\u00e7esin e plakjes s\u00eb l\u00ebkur\u00ebs.Kthen n\u00eb gjendjen normale hidratimin e epiderm\u00ebs Ushqen dhe mbron l\u00ebkur\u00ebn. Pengon humbjen e ujit n\u00eb l\u00ebkur\u00eb. Mbron l\u00ebkur\u00ebn nga sulmet e jashtme dhe nga d\u00ebmet e foto-plakjes. Zbut dhe jep shk\u00eblqim l\u00ebkur\u00ebs.<br \/>\nPerdorimi<br \/>\nPas pastrimit t\u00eb l\u00ebkur\u00ebs aplikojeni kremin n\u00eb fytyr\u00eb dhe n\u00eb qaf\u00eb. Masazhojeni n\u00eb m\u00ebnyr\u00eb delikate me l\u00ebvizje rrethore deri n\u00eb p\u00ebrthithje t\u00eb plot\u00eb.<br \/>\nSasia: 50ml<\/p>\n","protected":false},"featured_media":5868,"comment_status":"open","ping_status":"closed","template":"","meta":[],"product_cat":[123],"product_tag":[],"class_list":{"0":"post-6762","1":"product","2":"type-product","3":"status-publish","4":"has-post-thumbnail","6":"product_cat-rilastil","8":"first","9":"instock","10":"shipping-taxable","11":"product-type-simple"},"_links":{"self":[{"href":"https:\/\/megapharm.al\/index.php?rest_route=\/wp\/v2\/product\/6762","targetHints":{"allow":["GET"]}}],"collection":[{"href":"https:\/\/megapharm.al\/index.php?rest_route=\/wp\/v2\/product"}],"about":[{"href":"https:\/\/megapharm.al\/index.php?rest_route=\/wp\/v2\/types\/product"}],"replies":[{"embeddable":true,"href":"https:\/\/megapharm.al\/index.php?rest_route=%2Fwp%2Fv2%2Fcomments&post=6762"}],"wp:featuredmedia":[{"embeddable":true,"href":"https:\/\/megapharm.al\/index.php?rest_route=\/wp\/v2\/media\/5868"}],"wp:attachment":[{"href":"https:\/\/megapharm.al\/index.php?rest_route=%2Fwp%2Fv2%2Fmedia&parent=6762"}],"wp:term":[{"taxonomy":"product_cat","embeddable":true,"href":"https:\/\/megapharm.al\/index.php?rest_route=%2Fwp%2Fv2%2Fproduct_cat&post=6762"},{"taxonomy":"product_tag","embeddable":true,"href":"https:\/\/megapharm.al\/index.php?rest_route=%2Fwp%2Fv2%2Fproduct_tag&post=6762"}],"curies":[{"name":"wp","href":"https:\/\/api.w.org\/{rel}","templated":true}]}}