{"id":6756,"date":"2021-01-24T10:39:22","date_gmt":"2021-01-24T10:39:22","guid":{"rendered":"http:\/\/megapharm.al\/index.php\/product\/import-placeholder-for-3428\/"},"modified":"2021-01-24T10:39:30","modified_gmt":"2021-01-24T10:39:30","slug":"acnestil-cleansing-mousse","status":"publish","type":"product","link":"https:\/\/megapharm.al\/?product=acnestil-cleansing-mousse","title":{"rendered":"Acnestil Cleansing Mousse"},"content":{"rendered":"<p>P\u00ebrshkrimi i produktit<br \/>\nAcnestil Cleansing Mousse p\u00ebr higjien\u00ebn e p\u00ebrditshme t\u00eb l\u00ebkur\u00ebs mikse, t\u00eb yndyrshme dhe me tendence akneike. Ka p\u00ebrqendrim t\u00eb ulet t\u00eb l\u00ebnd\u00ebve tensioaktive dhe \u00ebsht\u00eb i pasur me acid hialuronik dhe p\u00ebrb\u00ebr\u00ebs specifike. Pastron l\u00ebkur\u00ebn n\u00eb m\u00ebnyr\u00eb delikate duke ruajtur hidratimin e saj natyral.<br \/>\nP\u00ebrdorimi<br \/>\nAplikojeni n\u00eb l\u00ebkur\u00eb t\u00eb lagur duke masazhuar n\u00eb m\u00ebnyr\u00eb delikate pastaj sh\u00ebplajeni.<br \/>\nSasia: 150ml<\/p>\n","protected":false},"excerpt":{"rendered":"<p>P\u00ebrshkrimi i produktit<br \/>\nAcnestil Cleansing Mousse p\u00ebr higjien\u00ebn e p\u00ebrditshme t\u00eb l\u00ebkur\u00ebs mikse, t\u00eb yndyrshme dhe me tendence akneike. Ka p\u00ebrqendrim t\u00eb ulet t\u00eb l\u00ebnd\u00ebve tensioaktive dhe \u00ebsht\u00eb i pasur me acid hialuronik dhe p\u00ebrb\u00ebr\u00ebs specifike. Pastron l\u00ebkur\u00ebn n\u00eb m\u00ebnyr\u00eb delikate duke ruajtur hidratimin e saj natyral.<br \/>\nP\u00ebrdorimi<br \/>\nAplikojeni n\u00eb l\u00ebkur\u00eb t\u00eb lagur duke masazhuar n\u00eb m\u00ebnyr\u00eb delikate pastaj sh\u00ebplajeni.<br \/>\nSasia: 150ml<\/p>\n","protected":false},"featured_media":5862,"comment_status":"open","ping_status":"closed","template":"","meta":[],"product_cat":[123],"product_tag":[],"class_list":{"0":"post-6756","1":"product","2":"type-product","3":"status-publish","4":"has-post-thumbnail","6":"product_cat-rilastil","8":"first","9":"instock","10":"shipping-taxable","11":"product-type-simple"},"_links":{"self":[{"href":"https:\/\/megapharm.al\/index.php?rest_route=\/wp\/v2\/product\/6756","targetHints":{"allow":["GET"]}}],"collection":[{"href":"https:\/\/megapharm.al\/index.php?rest_route=\/wp\/v2\/product"}],"about":[{"href":"https:\/\/megapharm.al\/index.php?rest_route=\/wp\/v2\/types\/product"}],"replies":[{"embeddable":true,"href":"https:\/\/megapharm.al\/index.php?rest_route=%2Fwp%2Fv2%2Fcomments&post=6756"}],"wp:featuredmedia":[{"embeddable":true,"href":"https:\/\/megapharm.al\/index.php?rest_route=\/wp\/v2\/media\/5862"}],"wp:attachment":[{"href":"https:\/\/megapharm.al\/index.php?rest_route=%2Fwp%2Fv2%2Fmedia&parent=6756"}],"wp:term":[{"taxonomy":"product_cat","embeddable":true,"href":"https:\/\/megapharm.al\/index.php?rest_route=%2Fwp%2Fv2%2Fproduct_cat&post=6756"},{"taxonomy":"product_tag","embeddable":true,"href":"https:\/\/megapharm.al\/index.php?rest_route=%2Fwp%2Fv2%2Fproduct_tag&post=6756"}],"curies":[{"name":"wp","href":"https:\/\/api.w.org\/{rel}","templated":true}]}}