{"id":6754,"date":"2021-01-24T10:39:21","date_gmt":"2021-01-24T10:39:21","guid":{"rendered":"http:\/\/megapharm.al\/index.php\/product\/import-placeholder-for-3426\/"},"modified":"2021-01-24T10:39:30","modified_gmt":"2021-01-24T10:39:30","slug":"daily-care-purifying-cleansing-gel","status":"publish","type":"product","link":"https:\/\/megapharm.al\/?product=daily-care-purifying-cleansing-gel","title":{"rendered":"Daily Care Purifying Cleansing Gel"},"content":{"rendered":"<p>P\u00ebrshkrimi i produktit<br \/>\nDaily Care Gel \u00ebsht\u00eb nj\u00eb xhel delikat dhe I fresk\u00ebt, p\u00ebr pastrimin e p\u00ebrditsh\u00ebm t\u00eb fytyr\u00ebs dhe qaf\u00ebs, p\u00ebr l\u00ebkur\u00eb mikse t\u00eb yndyrshme ose t\u00eb papast\u00ebr. Garanton nj\u00eb pastrim efektiv dhe delikat, duke e l\u00ebn\u00eb l\u00ebkur\u00ebn t\u00eb but\u00eb, t\u00eb hidratuar dhe t\u00eb fresk\u00ebt.<br \/>\nP\u00ebrdorimi<br \/>\nVendosni nj\u00eb sasi t\u00eb konsiderueshme produkti n\u00eb p\u00ebll\u00ebmb\u00ebn e dor\u00ebs dhe masazhojeni ne fytyr\u00ebn e lagur m\u00eb par\u00eb derisa t\u00eb krijoj\u00eb shkum\u00eb. Shp\u00eblajeni me uj\u00eb<br \/>\nSasia: 250ml<\/p>\n","protected":false},"excerpt":{"rendered":"<p>P\u00ebrshkrimi i produktit<br \/>\nDaily Care Gel \u00ebsht\u00eb nj\u00eb xhel delikat dhe I fresk\u00ebt, p\u00ebr pastrimin e p\u00ebrditsh\u00ebm t\u00eb fytyr\u00ebs dhe qaf\u00ebs, p\u00ebr l\u00ebkur\u00eb mikse t\u00eb yndyrshme ose t\u00eb papast\u00ebr. Garanton nj\u00eb pastrim efektiv dhe delikat, duke e l\u00ebn\u00eb l\u00ebkur\u00ebn t\u00eb but\u00eb, t\u00eb hidratuar dhe t\u00eb fresk\u00ebt.<br \/>\nP\u00ebrdorimi<br \/>\nVendosni nj\u00eb sasi t\u00eb konsiderueshme produkti n\u00eb p\u00ebll\u00ebmb\u00ebn e dor\u00ebs dhe masazhojeni ne fytyr\u00ebn e lagur m\u00eb par\u00eb derisa t\u00eb krijoj\u00eb shkum\u00eb. Shp\u00eblajeni me uj\u00eb<br \/>\nSasia: 250ml<\/p>\n","protected":false},"featured_media":5860,"comment_status":"open","ping_status":"closed","template":"","meta":[],"product_cat":[123],"product_tag":[],"class_list":{"0":"post-6754","1":"product","2":"type-product","3":"status-publish","4":"has-post-thumbnail","6":"product_cat-rilastil","8":"first","9":"instock","10":"shipping-taxable","11":"product-type-simple"},"_links":{"self":[{"href":"https:\/\/megapharm.al\/index.php?rest_route=\/wp\/v2\/product\/6754","targetHints":{"allow":["GET"]}}],"collection":[{"href":"https:\/\/megapharm.al\/index.php?rest_route=\/wp\/v2\/product"}],"about":[{"href":"https:\/\/megapharm.al\/index.php?rest_route=\/wp\/v2\/types\/product"}],"replies":[{"embeddable":true,"href":"https:\/\/megapharm.al\/index.php?rest_route=%2Fwp%2Fv2%2Fcomments&post=6754"}],"wp:featuredmedia":[{"embeddable":true,"href":"https:\/\/megapharm.al\/index.php?rest_route=\/wp\/v2\/media\/5860"}],"wp:attachment":[{"href":"https:\/\/megapharm.al\/index.php?rest_route=%2Fwp%2Fv2%2Fmedia&parent=6754"}],"wp:term":[{"taxonomy":"product_cat","embeddable":true,"href":"https:\/\/megapharm.al\/index.php?rest_route=%2Fwp%2Fv2%2Fproduct_cat&post=6754"},{"taxonomy":"product_tag","embeddable":true,"href":"https:\/\/megapharm.al\/index.php?rest_route=%2Fwp%2Fv2%2Fproduct_tag&post=6754"}],"curies":[{"name":"wp","href":"https:\/\/api.w.org\/{rel}","templated":true}]}}