{"id":6475,"date":"2021-01-24T10:36:55","date_gmt":"2021-01-24T10:36:55","guid":{"rendered":"http:\/\/megapharm.al\/index.php\/product\/import-placeholder-for-2668\/"},"modified":"2021-01-24T10:37:01","modified_gmt":"2021-01-24T10:37:01","slug":"stick-foundation","status":"publish","type":"product","link":"https:\/\/megapharm.al\/?product=stick-foundation","title":{"rendered":"Stick Foundation"},"content":{"rendered":"<p>Fondotint\u00eb Stick mjaft e leht\u00ebp\u00ebr t&#8217;u aplikuar e cila zbut menj\u00ebher\u00eb l\u00ebkur\u00ebn.<br \/>\nVecorite<br \/>\n\u2022 E pasur me Acid Hialuronik dhe Vitamin\u00eb E.<br \/>\n\u2022 Permban nje furce sintetike me perberje kabuki cila thjeshton dhe shpejton aplikimin e fondotint\u00ebs.<br \/>\n\u2022 Mund t\u00eb riaplikohet edhe gjat\u00ebdit\u00ebs.<br \/>\n\u2022 E perdorshme edhe per krijimin e kontureve te fytyres<br \/>\n\u2022 Teksture e but\u00eb dhe kremoze.<br \/>\n\u2022Fsheh shenjat e lodhjes dhe imperfeksionet duke uniformuar l\u00ebkur\u00ebn.<br \/>\n\u2022 Efekt mat.<br \/>\n\u2022Jo komedogjenik. Pa vajra minerale.<br \/>\n\u2022 8 nuanca<br \/>\n\u2022Testuardermatologjikisht. Testuar p\u00ebr Nikel, Kobalt, Krom, Paladium dhe M\u00ebrkur.<\/p>\n","protected":false},"excerpt":{"rendered":"<p>Fondotint\u00eb Stick mjaft e leht\u00ebp\u00ebr t&#8217;u aplikuar e cila zbut menj\u00ebher\u00eb l\u00ebkur\u00ebn.<br \/>\nVecorite<br \/>\n\u2022 E pasur me Acid Hialuronik dhe Vitamin\u00eb E.<br \/>\n\u2022 Permban nje furce sintetike me perberje kabuki cila thjeshton dhe shpejton aplikimin e fondotint\u00ebs.<br \/>\n\u2022 Mund t\u00eb riaplikohet edhe gjat\u00ebdit\u00ebs.<br \/>\n\u2022 E perdorshme edhe per krijimin e kontureve te fytyres<br \/>\n\u2022 Teksture e but\u00eb dhe kremoze.<br \/>\n\u2022Fsheh shenjat e lodhjes dhe imperfeksionet duke uniformuar l\u00ebkur\u00ebn.<br \/>\n\u2022 Efekt mat.<br \/>\n\u2022Jo komedogjenik. Pa vajra minerale.<br \/>\n\u2022 8 nuanca<br \/>\n\u2022Testuardermatologjikisht. Testuar p\u00ebr Nikel, Kobalt, Krom, Paladium dhe M\u00ebrkur.<\/p>\n","protected":false},"featured_media":5752,"comment_status":"open","ping_status":"closed","template":"","meta":[],"product_cat":[124],"product_tag":[],"class_list":{"0":"post-6475","1":"product","2":"type-product","3":"status-publish","4":"has-post-thumbnail","6":"product_cat-korff","8":"first","9":"instock","10":"shipping-taxable","11":"product-type-simple"},"_links":{"self":[{"href":"https:\/\/megapharm.al\/index.php?rest_route=\/wp\/v2\/product\/6475","targetHints":{"allow":["GET"]}}],"collection":[{"href":"https:\/\/megapharm.al\/index.php?rest_route=\/wp\/v2\/product"}],"about":[{"href":"https:\/\/megapharm.al\/index.php?rest_route=\/wp\/v2\/types\/product"}],"replies":[{"embeddable":true,"href":"https:\/\/megapharm.al\/index.php?rest_route=%2Fwp%2Fv2%2Fcomments&post=6475"}],"wp:featuredmedia":[{"embeddable":true,"href":"https:\/\/megapharm.al\/index.php?rest_route=\/wp\/v2\/media\/5752"}],"wp:attachment":[{"href":"https:\/\/megapharm.al\/index.php?rest_route=%2Fwp%2Fv2%2Fmedia&parent=6475"}],"wp:term":[{"taxonomy":"product_cat","embeddable":true,"href":"https:\/\/megapharm.al\/index.php?rest_route=%2Fwp%2Fv2%2Fproduct_cat&post=6475"},{"taxonomy":"product_tag","embeddable":true,"href":"https:\/\/megapharm.al\/index.php?rest_route=%2Fwp%2Fv2%2Fproduct_tag&post=6475"}],"curies":[{"name":"wp","href":"https:\/\/api.w.org\/{rel}","templated":true}]}}