{"id":6471,"date":"2021-01-24T10:36:55","date_gmt":"2021-01-24T10:36:55","guid":{"rendered":"http:\/\/megapharm.al\/index.php\/product\/import-placeholder-for-2664\/"},"modified":"2021-01-24T10:37:00","modified_gmt":"2021-01-24T10:37:00","slug":"radiance-skin-foundation-spf-15","status":"publish","type":"product","link":"https:\/\/megapharm.al\/?product=radiance-skin-foundation-spf-15","title":{"rendered":"Radiance Skin Foundation SPF 15"},"content":{"rendered":"<p>Radiance Skin Foundation SPF 15 \u00ebsht\u00eb nj\u00eb fondotint\u00eb fluide q\u00eb mbulon leht\u00eb l\u00ebkur\u00ebn. P\u00ebrmban perla te veshura dhe pluhur diamanti high-tech (t\u00eb teknologjis\u00eb s\u00eb lart\u00eb), pigmente t\u00eb \u00e7muar t\u00eb cilet i japin shk\u00eblqim t\u00eb menj\u00ebhersh\u00ebm l\u00ebkur\u00ebs.<br \/>\nKy fluid \u00ebsht\u00eb i formuluar gjithashtu me Acid Hialuronik dhe Vitamin\u00eb E. Filtrat UVA SPF 15 mbrojn\u00eb l\u00ebkur\u00ebn nga rrezet e d\u00ebmshme t\u00eb diellit.<br \/>\n6 nuanca<br \/>\nRezultati: L\u00ebkur\u00eb uniforme, me pamje t\u00eb relaksuar dhe nj\u00eb shk\u00eblqim rrezatues.<br \/>\nJo komedogjenik.<br \/>\nTestuar deramtologjikisht. Testuar p\u00ebr Nikel, Kobalt, Krom, Paladium dhe M\u00ebrkur.<\/p>\n","protected":false},"excerpt":{"rendered":"<p>Radiance Skin Foundation SPF 15 \u00ebsht\u00eb nj\u00eb fondotint\u00eb fluide q\u00eb mbulon leht\u00eb l\u00ebkur\u00ebn. P\u00ebrmban perla te veshura dhe pluhur diamanti high-tech (t\u00eb teknologjis\u00eb s\u00eb lart\u00eb), pigmente t\u00eb \u00e7muar t\u00eb cilet i japin shk\u00eblqim t\u00eb menj\u00ebhersh\u00ebm l\u00ebkur\u00ebs.<br \/>\nKy fluid \u00ebsht\u00eb i formuluar gjithashtu me Acid Hialuronik dhe Vitamin\u00eb E. Filtrat UVA SPF 15 mbrojn\u00eb l\u00ebkur\u00ebn nga rrezet e d\u00ebmshme t\u00eb diellit.<br \/>\n6 nuanca<br \/>\nRezultati: L\u00ebkur\u00eb uniforme, me pamje t\u00eb relaksuar dhe nj\u00eb shk\u00eblqim rrezatues.<br \/>\nJo komedogjenik.<br \/>\nTestuar deramtologjikisht. Testuar p\u00ebr Nikel, Kobalt, Krom, Paladium dhe M\u00ebrkur.<\/p>\n","protected":false},"featured_media":5748,"comment_status":"open","ping_status":"closed","template":"","meta":[],"product_cat":[124],"product_tag":[],"class_list":{"0":"post-6471","1":"product","2":"type-product","3":"status-publish","4":"has-post-thumbnail","6":"product_cat-korff","8":"first","9":"instock","10":"shipping-taxable","11":"product-type-simple"},"_links":{"self":[{"href":"https:\/\/megapharm.al\/index.php?rest_route=\/wp\/v2\/product\/6471","targetHints":{"allow":["GET"]}}],"collection":[{"href":"https:\/\/megapharm.al\/index.php?rest_route=\/wp\/v2\/product"}],"about":[{"href":"https:\/\/megapharm.al\/index.php?rest_route=\/wp\/v2\/types\/product"}],"replies":[{"embeddable":true,"href":"https:\/\/megapharm.al\/index.php?rest_route=%2Fwp%2Fv2%2Fcomments&post=6471"}],"wp:featuredmedia":[{"embeddable":true,"href":"https:\/\/megapharm.al\/index.php?rest_route=\/wp\/v2\/media\/5748"}],"wp:attachment":[{"href":"https:\/\/megapharm.al\/index.php?rest_route=%2Fwp%2Fv2%2Fmedia&parent=6471"}],"wp:term":[{"taxonomy":"product_cat","embeddable":true,"href":"https:\/\/megapharm.al\/index.php?rest_route=%2Fwp%2Fv2%2Fproduct_cat&post=6471"},{"taxonomy":"product_tag","embeddable":true,"href":"https:\/\/megapharm.al\/index.php?rest_route=%2Fwp%2Fv2%2Fproduct_tag&post=6471"}],"curies":[{"name":"wp","href":"https:\/\/api.w.org\/{rel}","templated":true}]}}