{"id":6294,"date":"2021-01-24T10:35:37","date_gmt":"2021-01-24T10:35:37","guid":{"rendered":"http:\/\/megapharm.al\/index.php\/product\/import-placeholder-for-2409\/"},"modified":"2021-01-24T10:35:43","modified_gmt":"2021-01-24T10:35:43","slug":"dermastir-pellet-cleanser-pastrues-energjizues-ne-forme-pluhuri-100-g","status":"publish","type":"product","link":"https:\/\/megapharm.al\/?product=dermastir-pellet-cleanser-pastrues-energjizues-ne-forme-pluhuri-100-g","title":{"rendered":"DERMASTIR PELLET CLEANSER pastrues energjizues ne forme pluhuri    100 g"},"content":{"rendered":"<p>Pastrues i thell\u00eb i cili transformohet n\u00eb shkum\u00eb n\u00eb kontakt me ujin. I p\u00ebrshtatsh\u00ebm p\u00ebr t\u00eb gjitha tipet\u00a0 e l\u00ebkurave.<\/p>\n<p>P\u00ebrdorimi: P\u00ebrziej nj\u00eb sasi pluhuri t\u00eb pastruesit me uj\u00eb n\u00eb p\u00ebll\u00ebmb\u00ebn e dor\u00ebs dhe m\u00eb pas aplikojeni me masazh n\u00eb fytyr\u00eb qaf\u00eb dhe dekolte. Shpelajeni me uj\u00eb t\u00eb past\u00ebr.<\/p>\n","protected":false},"excerpt":{"rendered":"<p>Pastrues i thell\u00eb i cili transformohet n\u00eb shkum\u00eb n\u00eb kontakt me ujin. I p\u00ebrshtatsh\u00ebm p\u00ebr t\u00eb gjitha tipet\u00a0 e l\u00ebkurave.<\/p>\n<p>P\u00ebrdorimi: P\u00ebrziej nj\u00eb sasi pluhuri t\u00eb pastruesit me uj\u00eb n\u00eb p\u00ebll\u00ebmb\u00ebn e dor\u00ebs dhe m\u00eb pas aplikojeni me masazh n\u00eb fytyr\u00eb qaf\u00eb dhe dekolte. Shpelajeni me uj\u00eb t\u00eb past\u00ebr.<\/p>\n","protected":false},"featured_media":5604,"comment_status":"open","ping_status":"closed","template":"","meta":[],"product_cat":[126],"product_tag":[],"class_list":{"0":"post-6294","1":"product","2":"type-product","3":"status-publish","4":"has-post-thumbnail","6":"product_cat-dermastir","8":"first","9":"instock","10":"shipping-taxable","11":"product-type-simple"},"_links":{"self":[{"href":"https:\/\/megapharm.al\/index.php?rest_route=\/wp\/v2\/product\/6294","targetHints":{"allow":["GET"]}}],"collection":[{"href":"https:\/\/megapharm.al\/index.php?rest_route=\/wp\/v2\/product"}],"about":[{"href":"https:\/\/megapharm.al\/index.php?rest_route=\/wp\/v2\/types\/product"}],"replies":[{"embeddable":true,"href":"https:\/\/megapharm.al\/index.php?rest_route=%2Fwp%2Fv2%2Fcomments&post=6294"}],"wp:featuredmedia":[{"embeddable":true,"href":"https:\/\/megapharm.al\/index.php?rest_route=\/wp\/v2\/media\/5604"}],"wp:attachment":[{"href":"https:\/\/megapharm.al\/index.php?rest_route=%2Fwp%2Fv2%2Fmedia&parent=6294"}],"wp:term":[{"taxonomy":"product_cat","embeddable":true,"href":"https:\/\/megapharm.al\/index.php?rest_route=%2Fwp%2Fv2%2Fproduct_cat&post=6294"},{"taxonomy":"product_tag","embeddable":true,"href":"https:\/\/megapharm.al\/index.php?rest_route=%2Fwp%2Fv2%2Fproduct_tag&post=6294"}],"curies":[{"name":"wp","href":"https:\/\/api.w.org\/{rel}","templated":true}]}}