{"id":6280,"date":"2021-01-24T10:35:27","date_gmt":"2021-01-24T10:35:27","guid":{"rendered":"http:\/\/megapharm.al\/index.php\/product\/import-placeholder-for-2395\/"},"modified":"2021-01-24T10:35:34","modified_gmt":"2021-01-24T10:35:34","slug":"dermastir-pre-op-maske-vetengrohese-eksfoljuese-15ml","status":"publish","type":"product","link":"https:\/\/megapharm.al\/?product=dermastir-pre-op-maske-vetengrohese-eksfoljuese-15ml","title":{"rendered":"Dermastir Pre op maske vetengrohese eksfoljuese  15ml"},"content":{"rendered":"<p>Mask\u00eb eksfoljuese me veti vetengrohese p\u00ebr nxitjen e mikroqarkullimit dhe largimin e qelizave t\u00eb vdekura n\u00eb lekur\u00eb.<\/p>\n<p>P\u00ebrb\u00ebr\u00ebsit: Boronice e kuqe, bioflavonoide t\u00eb boronic\u00ebs s\u00eb kuqe.<\/p>\n<p>P\u00ebrdorimi: Aplikojeni n\u00eb lekur\u00eb t\u00eb lagur dhe lereni t\u00eb veproj\u00eb p\u00ebr 15 minuta, m\u00eb pas masazhojeni dhe shpelaheni.<\/p>\n","protected":false},"excerpt":{"rendered":"<p>Mask\u00eb eksfoljuese me veti vetengrohese p\u00ebr nxitjen e mikroqarkullimit dhe largimin e qelizave t\u00eb vdekura n\u00eb lekur\u00eb.<\/p>\n<p>P\u00ebrb\u00ebr\u00ebsit: Boronice e kuqe, bioflavonoide t\u00eb boronic\u00ebs s\u00eb kuqe.<\/p>\n<p>P\u00ebrdorimi: Aplikojeni n\u00eb lekur\u00eb t\u00eb lagur dhe lereni t\u00eb veproj\u00eb p\u00ebr 15 minuta, m\u00eb pas masazhojeni dhe shpelaheni.<\/p>\n","protected":false},"featured_media":5590,"comment_status":"open","ping_status":"closed","template":"","meta":[],"product_cat":[126],"product_tag":[],"class_list":{"0":"post-6280","1":"product","2":"type-product","3":"status-publish","4":"has-post-thumbnail","6":"product_cat-dermastir","8":"first","9":"instock","10":"shipping-taxable","11":"product-type-simple"},"_links":{"self":[{"href":"https:\/\/megapharm.al\/index.php?rest_route=\/wp\/v2\/product\/6280","targetHints":{"allow":["GET"]}}],"collection":[{"href":"https:\/\/megapharm.al\/index.php?rest_route=\/wp\/v2\/product"}],"about":[{"href":"https:\/\/megapharm.al\/index.php?rest_route=\/wp\/v2\/types\/product"}],"replies":[{"embeddable":true,"href":"https:\/\/megapharm.al\/index.php?rest_route=%2Fwp%2Fv2%2Fcomments&post=6280"}],"wp:featuredmedia":[{"embeddable":true,"href":"https:\/\/megapharm.al\/index.php?rest_route=\/wp\/v2\/media\/5590"}],"wp:attachment":[{"href":"https:\/\/megapharm.al\/index.php?rest_route=%2Fwp%2Fv2%2Fmedia&parent=6280"}],"wp:term":[{"taxonomy":"product_cat","embeddable":true,"href":"https:\/\/megapharm.al\/index.php?rest_route=%2Fwp%2Fv2%2Fproduct_cat&post=6280"},{"taxonomy":"product_tag","embeddable":true,"href":"https:\/\/megapharm.al\/index.php?rest_route=%2Fwp%2Fv2%2Fproduct_tag&post=6280"}],"curies":[{"name":"wp","href":"https:\/\/api.w.org\/{rel}","templated":true}]}}