{"id":6262,"date":"2021-01-24T10:35:24","date_gmt":"2021-01-24T10:35:24","guid":{"rendered":"http:\/\/megapharm.al\/index.php\/product\/import-placeholder-for-2377\/"},"modified":"2021-01-24T10:35:30","modified_gmt":"2021-01-24T10:35:30","slug":"dermastir-multienzyme-lares-per-lekura-mikse-te-yndyrshme-200-ml","status":"publish","type":"product","link":"https:\/\/megapharm.al\/?product=dermastir-multienzyme-lares-per-lekura-mikse-te-yndyrshme-200-ml","title":{"rendered":"DERMASTIR MULTIENZYME Lares per lekura mikse te yndyrshme. 200 ml"},"content":{"rendered":"<p>Lar\u00ebs I fytyr\u00ebs p\u00ebr l\u00ebkura mikse dhe t\u00eb yndyrshme. Pastron poret dhe ndihmon n\u00eb normalizimin e yndyr\u00ebs n\u00eb l\u00ebkur\u00eb. Largon lehtesisht edhe p\u00ebrb\u00ebr\u00ebsit m\u00eb t\u00eb v\u00ebshtir\u00eb t\u00eb makjazhit.<\/p>\n<p>P\u00ebrdorimi: Aplikojeni n\u00eb fytyr\u00eb dy her\u00eb n\u00eb dit\u00eb, masazhojeni dhe m\u00eb pas shp\u00eblaheni.<\/p>\n","protected":false},"excerpt":{"rendered":"<p>Lar\u00ebs I fytyr\u00ebs p\u00ebr l\u00ebkura mikse dhe t\u00eb yndyrshme. Pastron poret dhe ndihmon n\u00eb normalizimin e yndyr\u00ebs n\u00eb l\u00ebkur\u00eb. Largon lehtesisht edhe p\u00ebrb\u00ebr\u00ebsit m\u00eb t\u00eb v\u00ebshtir\u00eb t\u00eb makjazhit.<\/p>\n<p>P\u00ebrdorimi: Aplikojeni n\u00eb fytyr\u00eb dy her\u00eb n\u00eb dit\u00eb, masazhojeni dhe m\u00eb pas shp\u00eblaheni.<\/p>\n","protected":false},"featured_media":5573,"comment_status":"open","ping_status":"closed","template":"","meta":[],"product_cat":[126],"product_tag":[],"class_list":{"0":"post-6262","1":"product","2":"type-product","3":"status-publish","4":"has-post-thumbnail","6":"product_cat-dermastir","8":"first","9":"instock","10":"shipping-taxable","11":"product-type-simple"},"_links":{"self":[{"href":"https:\/\/megapharm.al\/index.php?rest_route=\/wp\/v2\/product\/6262","targetHints":{"allow":["GET"]}}],"collection":[{"href":"https:\/\/megapharm.al\/index.php?rest_route=\/wp\/v2\/product"}],"about":[{"href":"https:\/\/megapharm.al\/index.php?rest_route=\/wp\/v2\/types\/product"}],"replies":[{"embeddable":true,"href":"https:\/\/megapharm.al\/index.php?rest_route=%2Fwp%2Fv2%2Fcomments&post=6262"}],"wp:featuredmedia":[{"embeddable":true,"href":"https:\/\/megapharm.al\/index.php?rest_route=\/wp\/v2\/media\/5573"}],"wp:attachment":[{"href":"https:\/\/megapharm.al\/index.php?rest_route=%2Fwp%2Fv2%2Fmedia&parent=6262"}],"wp:term":[{"taxonomy":"product_cat","embeddable":true,"href":"https:\/\/megapharm.al\/index.php?rest_route=%2Fwp%2Fv2%2Fproduct_cat&post=6262"},{"taxonomy":"product_tag","embeddable":true,"href":"https:\/\/megapharm.al\/index.php?rest_route=%2Fwp%2Fv2%2Fproduct_tag&post=6262"}],"curies":[{"name":"wp","href":"https:\/\/api.w.org\/{rel}","templated":true}]}}