{"id":6259,"date":"2021-01-24T10:35:23","date_gmt":"2021-01-24T10:35:23","guid":{"rendered":"http:\/\/megapharm.al\/index.php\/product\/import-placeholder-for-2374\/"},"modified":"2021-01-24T10:35:29","modified_gmt":"2021-01-24T10:35:29","slug":"dermastir-auto-droper-redness-neutralizerserum-neutralizues-i-skuqjeve-30-ml","status":"publish","type":"product","link":"https:\/\/megapharm.al\/?product=dermastir-auto-droper-redness-neutralizerserum-neutralizues-i-skuqjeve-30-ml","title":{"rendered":"DERMASTIR AUTO DROPER REDNESS NEUTRALIZER(serum neutralizues i skuqjeve) 30 ml"},"content":{"rendered":"<p>Serum neutralizues i skuqjeve 30 ml<\/p>\n<p>Serum reduktues I skuqjeve. Ideal p\u00ebr l\u00ebkura t\u00eb ndjeshme. P\u00ebrmban p\u00ebrb\u00ebr\u00ebs me veti qet\u00ebsuese, antiinflamator\u00eb dhe zbut\u00ebse.Nuk p\u00ebrmban p\u00ebrb\u00ebr\u00ebs vajore.<\/p>\n<p>P\u00ebrb\u00ebr\u00ebsit: Aloe vera, Betaine, Pantenol, betaglukan, acid hialuronik.<\/p>\n<p>P\u00ebrdorimi:Aplikoni me mollezat e gishtave 2 deri n\u00eb 3 pika serum n\u00eb fytyr\u00eb qaf\u00eb dhe dekolte.<\/p>\n","protected":false},"excerpt":{"rendered":"<p>Serum neutralizues i skuqjeve 30 ml<\/p>\n<p>Serum reduktues I skuqjeve. Ideal p\u00ebr l\u00ebkura t\u00eb ndjeshme. P\u00ebrmban p\u00ebrb\u00ebr\u00ebs me veti qet\u00ebsuese, antiinflamator\u00eb dhe zbut\u00ebse.Nuk p\u00ebrmban p\u00ebrb\u00ebr\u00ebs vajore.<\/p>\n<p>P\u00ebrb\u00ebr\u00ebsit: Aloe vera, Betaine, Pantenol, betaglukan, acid hialuronik.<\/p>\n<p>P\u00ebrdorimi:Aplikoni me mollezat e gishtave 2 deri n\u00eb 3 pika serum n\u00eb fytyr\u00eb qaf\u00eb dhe dekolte.<\/p>\n","protected":false},"featured_media":5570,"comment_status":"open","ping_status":"closed","template":"","meta":[],"product_cat":[126],"product_tag":[],"class_list":{"0":"post-6259","1":"product","2":"type-product","3":"status-publish","4":"has-post-thumbnail","6":"product_cat-dermastir","8":"first","9":"instock","10":"shipping-taxable","11":"product-type-simple"},"_links":{"self":[{"href":"https:\/\/megapharm.al\/index.php?rest_route=\/wp\/v2\/product\/6259","targetHints":{"allow":["GET"]}}],"collection":[{"href":"https:\/\/megapharm.al\/index.php?rest_route=\/wp\/v2\/product"}],"about":[{"href":"https:\/\/megapharm.al\/index.php?rest_route=\/wp\/v2\/types\/product"}],"replies":[{"embeddable":true,"href":"https:\/\/megapharm.al\/index.php?rest_route=%2Fwp%2Fv2%2Fcomments&post=6259"}],"wp:featuredmedia":[{"embeddable":true,"href":"https:\/\/megapharm.al\/index.php?rest_route=\/wp\/v2\/media\/5570"}],"wp:attachment":[{"href":"https:\/\/megapharm.al\/index.php?rest_route=%2Fwp%2Fv2%2Fmedia&parent=6259"}],"wp:term":[{"taxonomy":"product_cat","embeddable":true,"href":"https:\/\/megapharm.al\/index.php?rest_route=%2Fwp%2Fv2%2Fproduct_cat&post=6259"},{"taxonomy":"product_tag","embeddable":true,"href":"https:\/\/megapharm.al\/index.php?rest_route=%2Fwp%2Fv2%2Fproduct_tag&post=6259"}],"curies":[{"name":"wp","href":"https:\/\/api.w.org\/{rel}","templated":true}]}}