{"id":6252,"date":"2021-01-24T10:35:14","date_gmt":"2021-01-24T10:35:14","guid":{"rendered":"http:\/\/megapharm.al\/index.php\/product\/import-placeholder-for-2367\/"},"modified":"2021-01-24T10:35:20","modified_gmt":"2021-01-24T10:35:20","slug":"dermastir-sun-protection-spf-50krem-mbrojtes-spf-50-50-ml","status":"publish","type":"product","link":"https:\/\/megapharm.al\/?product=dermastir-sun-protection-spf-50krem-mbrojtes-spf-50-50-ml","title":{"rendered":"DERMASTIR  SUN PROTECTION SPF 50+Krem mbrojtes SPF 50+   50 ml"},"content":{"rendered":"<p>Flud me faktor t\u00eb lart\u00eb mbrojt\u00ebs.\u00a0 Parandalon formimin e rrudhave dhe njollave kafe.Tekstura e saj e but\u00eb mund\u00ebson komfort n\u00eb l\u00ebkur\u00eb gjat\u00eb gjith\u00eb dit\u00ebs. \u00a0Paketimi i vecant\u00eb mundeson ruajtjen e cil\u00ebsis\u00eb s\u00eb kremit p\u00ebr shum\u00eb koh\u00eb. K\u00ebshillohet kryesisht p\u00ebr l\u00ebkura normale dhe t\u00eb thata.<\/p>\n<p>P\u00ebrdorimi: Aplikojeni cdo mengjes\u00a0 n\u00eb fytyr\u00eb qaf\u00eb dhe dekolte dhe riaplikoheni disa her\u00eb gjat\u00eb dit\u00ebs n\u00ebse \u00ebsht\u00eb e nevojshme. Shmangni kontaktin me syt\u00eb.<\/p>\n","protected":false},"excerpt":{"rendered":"<p>Flud me faktor t\u00eb lart\u00eb mbrojt\u00ebs.\u00a0 Parandalon formimin e rrudhave dhe njollave kafe.Tekstura e saj e but\u00eb mund\u00ebson komfort n\u00eb l\u00ebkur\u00eb gjat\u00eb gjith\u00eb dit\u00ebs. \u00a0Paketimi i vecant\u00eb mundeson ruajtjen e cil\u00ebsis\u00eb s\u00eb kremit p\u00ebr shum\u00eb koh\u00eb. K\u00ebshillohet kryesisht p\u00ebr l\u00ebkura normale dhe t\u00eb thata.<\/p>\n<p>P\u00ebrdorimi: Aplikojeni cdo mengjes\u00a0 n\u00eb fytyr\u00eb qaf\u00eb dhe dekolte dhe riaplikoheni disa her\u00eb gjat\u00eb dit\u00ebs n\u00ebse \u00ebsht\u00eb e nevojshme. Shmangni kontaktin me syt\u00eb.<\/p>\n","protected":false},"featured_media":5563,"comment_status":"open","ping_status":"closed","template":"","meta":[],"product_cat":[126],"product_tag":[],"class_list":{"0":"post-6252","1":"product","2":"type-product","3":"status-publish","4":"has-post-thumbnail","6":"product_cat-dermastir","8":"first","9":"instock","10":"shipping-taxable","11":"product-type-simple"},"_links":{"self":[{"href":"https:\/\/megapharm.al\/index.php?rest_route=\/wp\/v2\/product\/6252","targetHints":{"allow":["GET"]}}],"collection":[{"href":"https:\/\/megapharm.al\/index.php?rest_route=\/wp\/v2\/product"}],"about":[{"href":"https:\/\/megapharm.al\/index.php?rest_route=\/wp\/v2\/types\/product"}],"replies":[{"embeddable":true,"href":"https:\/\/megapharm.al\/index.php?rest_route=%2Fwp%2Fv2%2Fcomments&post=6252"}],"wp:featuredmedia":[{"embeddable":true,"href":"https:\/\/megapharm.al\/index.php?rest_route=\/wp\/v2\/media\/5563"}],"wp:attachment":[{"href":"https:\/\/megapharm.al\/index.php?rest_route=%2Fwp%2Fv2%2Fmedia&parent=6252"}],"wp:term":[{"taxonomy":"product_cat","embeddable":true,"href":"https:\/\/megapharm.al\/index.php?rest_route=%2Fwp%2Fv2%2Fproduct_cat&post=6252"},{"taxonomy":"product_tag","embeddable":true,"href":"https:\/\/megapharm.al\/index.php?rest_route=%2Fwp%2Fv2%2Fproduct_tag&post=6252"}],"curies":[{"name":"wp","href":"https:\/\/api.w.org\/{rel}","templated":true}]}}