{"id":6250,"date":"2021-01-24T10:35:13","date_gmt":"2021-01-24T10:35:13","guid":{"rendered":"http:\/\/megapharm.al\/index.php\/product\/import-placeholder-for-2365\/"},"modified":"2021-01-24T10:35:20","modified_gmt":"2021-01-24T10:35:20","slug":"dermastir-hydraceutic-cream-krem-hidratues-50-ml","status":"publish","type":"product","link":"https:\/\/megapharm.al\/?product=dermastir-hydraceutic-cream-krem-hidratues-50-ml","title":{"rendered":"DERMASTIR HYDRACEUTIC CREAM ( Krem hidratues).  50 ml"},"content":{"rendered":"<p>Krem hidratues i cili fal\u00eb p\u00ebrb\u00ebr\u00ebsve t\u00eb tij ruan n\u00eb kushte optimale hidratimin n\u00eb l\u00ebkur\u00eb. P\u00ebrmban gjithashtu p\u00ebrb\u00ebr\u00ebs antioksidante q\u00eb ruajn\u00eb l\u00ebkur\u00ebn nga radikalet e lira. I p\u00ebrshtatsh\u00ebm p\u00ebr t\u00eb gjitha moshat dhe tipet e l\u00ebkures.<\/p>\n<p>P\u00ebrb\u00ebr\u00ebsit: glicerine, Vaj jojoba, sorbitol, vaj avocado, vitamin E.<\/p>\n<p>P\u00ebrdorimi: Aplikojeni n\u00eb m\u00ebngjes dhe dark\u00eb n\u00eb fytyr\u00eb, qaf\u00eb dhe dekolte.<\/p>\n","protected":false},"excerpt":{"rendered":"<p>Krem hidratues i cili fal\u00eb p\u00ebrb\u00ebr\u00ebsve t\u00eb tij ruan n\u00eb kushte optimale hidratimin n\u00eb l\u00ebkur\u00eb. P\u00ebrmban gjithashtu p\u00ebrb\u00ebr\u00ebs antioksidante q\u00eb ruajn\u00eb l\u00ebkur\u00ebn nga radikalet e lira. I p\u00ebrshtatsh\u00ebm p\u00ebr t\u00eb gjitha moshat dhe tipet e l\u00ebkures.<\/p>\n<p>P\u00ebrb\u00ebr\u00ebsit: glicerine, Vaj jojoba, sorbitol, vaj avocado, vitamin E.<\/p>\n<p>P\u00ebrdorimi: Aplikojeni n\u00eb m\u00ebngjes dhe dark\u00eb n\u00eb fytyr\u00eb, qaf\u00eb dhe dekolte.<\/p>\n","protected":false},"featured_media":5561,"comment_status":"open","ping_status":"closed","template":"","meta":[],"product_cat":[126],"product_tag":[],"class_list":{"0":"post-6250","1":"product","2":"type-product","3":"status-publish","4":"has-post-thumbnail","6":"product_cat-dermastir","8":"first","9":"instock","10":"shipping-taxable","11":"product-type-simple"},"_links":{"self":[{"href":"https:\/\/megapharm.al\/index.php?rest_route=\/wp\/v2\/product\/6250","targetHints":{"allow":["GET"]}}],"collection":[{"href":"https:\/\/megapharm.al\/index.php?rest_route=\/wp\/v2\/product"}],"about":[{"href":"https:\/\/megapharm.al\/index.php?rest_route=\/wp\/v2\/types\/product"}],"replies":[{"embeddable":true,"href":"https:\/\/megapharm.al\/index.php?rest_route=%2Fwp%2Fv2%2Fcomments&post=6250"}],"wp:featuredmedia":[{"embeddable":true,"href":"https:\/\/megapharm.al\/index.php?rest_route=\/wp\/v2\/media\/5561"}],"wp:attachment":[{"href":"https:\/\/megapharm.al\/index.php?rest_route=%2Fwp%2Fv2%2Fmedia&parent=6250"}],"wp:term":[{"taxonomy":"product_cat","embeddable":true,"href":"https:\/\/megapharm.al\/index.php?rest_route=%2Fwp%2Fv2%2Fproduct_cat&post=6250"},{"taxonomy":"product_tag","embeddable":true,"href":"https:\/\/megapharm.al\/index.php?rest_route=%2Fwp%2Fv2%2Fproduct_tag&post=6250"}],"curies":[{"name":"wp","href":"https:\/\/api.w.org\/{rel}","templated":true}]}}