{"id":6246,"date":"2021-01-24T10:35:13","date_gmt":"2021-01-24T10:35:13","guid":{"rendered":"http:\/\/megapharm.al\/index.php\/product\/import-placeholder-for-2361\/"},"modified":"2021-01-24T10:35:19","modified_gmt":"2021-01-24T10:35:19","slug":"dermastir-night-cream-krem-nate-50-ml","status":"publish","type":"product","link":"https:\/\/megapharm.al\/?product=dermastir-night-cream-krem-nate-50-ml","title":{"rendered":"DERMASTIR NIGHT CREAM Krem Nate            50 ml"},"content":{"rendered":"<p>Krem nate p\u00ebr fytyr\u00ebn I cili ka veprime t\u00eb shumfishta p\u00ebr l\u00ebkur\u00ebn:\u00a0 tonifikon l\u00ebkur\u00ebn, zbut rrudhat dhe parandalon formimin e rrudhave t\u00eb reja. P\u00ebrmban esktrakte algash me veti detoksifikuese, ekstrakte bimore dhe oligoelemente.<\/p>\n<p>P\u00ebrdorimi: Aplikojeni n\u00eb l\u00ebkur\u00eb t\u00eb past\u00ebr kremin n\u00eb dark\u00eb n\u00eb fytyr\u00eb, qaf\u00eb dhe dekolte. Shmangni zon\u00ebn p\u00ebrreth syve.<\/p>\n","protected":false},"excerpt":{"rendered":"<p>Krem nate p\u00ebr fytyr\u00ebn I cili ka veprime t\u00eb shumfishta p\u00ebr l\u00ebkur\u00ebn:\u00a0 tonifikon l\u00ebkur\u00ebn, zbut rrudhat dhe parandalon formimin e rrudhave t\u00eb reja. P\u00ebrmban esktrakte algash me veti detoksifikuese, ekstrakte bimore dhe oligoelemente.<\/p>\n<p>P\u00ebrdorimi: Aplikojeni n\u00eb l\u00ebkur\u00eb t\u00eb past\u00ebr kremin n\u00eb dark\u00eb n\u00eb fytyr\u00eb, qaf\u00eb dhe dekolte. Shmangni zon\u00ebn p\u00ebrreth syve.<\/p>\n","protected":false},"featured_media":5557,"comment_status":"open","ping_status":"closed","template":"","meta":[],"product_cat":[126],"product_tag":[],"class_list":{"0":"post-6246","1":"product","2":"type-product","3":"status-publish","4":"has-post-thumbnail","6":"product_cat-dermastir","8":"first","9":"instock","10":"shipping-taxable","11":"product-type-simple"},"_links":{"self":[{"href":"https:\/\/megapharm.al\/index.php?rest_route=\/wp\/v2\/product\/6246","targetHints":{"allow":["GET"]}}],"collection":[{"href":"https:\/\/megapharm.al\/index.php?rest_route=\/wp\/v2\/product"}],"about":[{"href":"https:\/\/megapharm.al\/index.php?rest_route=\/wp\/v2\/types\/product"}],"replies":[{"embeddable":true,"href":"https:\/\/megapharm.al\/index.php?rest_route=%2Fwp%2Fv2%2Fcomments&post=6246"}],"wp:featuredmedia":[{"embeddable":true,"href":"https:\/\/megapharm.al\/index.php?rest_route=\/wp\/v2\/media\/5557"}],"wp:attachment":[{"href":"https:\/\/megapharm.al\/index.php?rest_route=%2Fwp%2Fv2%2Fmedia&parent=6246"}],"wp:term":[{"taxonomy":"product_cat","embeddable":true,"href":"https:\/\/megapharm.al\/index.php?rest_route=%2Fwp%2Fv2%2Fproduct_cat&post=6246"},{"taxonomy":"product_tag","embeddable":true,"href":"https:\/\/megapharm.al\/index.php?rest_route=%2Fwp%2Fv2%2Fproduct_tag&post=6246"}],"curies":[{"name":"wp","href":"https:\/\/api.w.org\/{rel}","templated":true}]}}