{"id":6093,"date":"2021-01-24T10:34:03","date_gmt":"2021-01-24T10:34:03","guid":{"rendered":"http:\/\/megapharm.al\/index.php\/product\/import-placeholder-for-1978\/"},"modified":"2021-01-24T10:34:11","modified_gmt":"2021-01-24T10:34:11","slug":"aesthetico-lipid-stimulator","status":"publish","type":"product","link":"https:\/\/megapharm.al\/?product=aesthetico-lipid-stimulator","title":{"rendered":"AESTHETICO LIPID  STIMULATOR"},"content":{"rendered":"<p>Locion p\u00ebr l\u00ebkura shum\u00eb t\u00eb thata.<br \/>\nP\u00ebrb\u00ebr\u00ebsit: ure 5 % , vaj ulliri, vaj jojoba, glicerin\u00eb.<\/p>\n<p>P\u00ebrdorimi: Aplikohet n\u00eb zona shum\u00eb t\u00eb thata t\u00eb l\u00ebkur\u00ebs.<br \/>\nSasia: 50ml<\/p>\n","protected":false},"excerpt":{"rendered":"<p>Locion p\u00ebr l\u00ebkura shum\u00eb t\u00eb thata.<br \/>\nP\u00ebrb\u00ebr\u00ebsit: ure 5 % , vaj ulliri, vaj jojoba, glicerin\u00eb.<\/p>\n<p>P\u00ebrdorimi: Aplikohet n\u00eb zona shum\u00eb t\u00eb thata t\u00eb l\u00ebkur\u00ebs.<br \/>\nSasia: 50ml<\/p>\n","protected":false},"featured_media":5407,"comment_status":"open","ping_status":"closed","template":"","meta":[],"product_cat":[86],"product_tag":[],"class_list":{"0":"post-6093","1":"product","2":"type-product","3":"status-publish","4":"has-post-thumbnail","6":"product_cat-aesthetico","8":"first","9":"instock","10":"shipping-taxable","11":"product-type-simple"},"_links":{"self":[{"href":"https:\/\/megapharm.al\/index.php?rest_route=\/wp\/v2\/product\/6093","targetHints":{"allow":["GET"]}}],"collection":[{"href":"https:\/\/megapharm.al\/index.php?rest_route=\/wp\/v2\/product"}],"about":[{"href":"https:\/\/megapharm.al\/index.php?rest_route=\/wp\/v2\/types\/product"}],"replies":[{"embeddable":true,"href":"https:\/\/megapharm.al\/index.php?rest_route=%2Fwp%2Fv2%2Fcomments&post=6093"}],"wp:featuredmedia":[{"embeddable":true,"href":"https:\/\/megapharm.al\/index.php?rest_route=\/wp\/v2\/media\/5407"}],"wp:attachment":[{"href":"https:\/\/megapharm.al\/index.php?rest_route=%2Fwp%2Fv2%2Fmedia&parent=6093"}],"wp:term":[{"taxonomy":"product_cat","embeddable":true,"href":"https:\/\/megapharm.al\/index.php?rest_route=%2Fwp%2Fv2%2Fproduct_cat&post=6093"},{"taxonomy":"product_tag","embeddable":true,"href":"https:\/\/megapharm.al\/index.php?rest_route=%2Fwp%2Fv2%2Fproduct_tag&post=6093"}],"curies":[{"name":"wp","href":"https:\/\/api.w.org\/{rel}","templated":true}]}}