{"id":6091,"date":"2021-01-24T10:34:02","date_gmt":"2021-01-24T10:34:02","guid":{"rendered":"http:\/\/megapharm.al\/index.php\/product\/import-placeholder-for-1976\/"},"modified":"2021-01-24T10:34:11","modified_gmt":"2021-01-24T10:34:11","slug":"aesthetico-ceramide-solution","status":"publish","type":"product","link":"https:\/\/megapharm.al\/?product=aesthetico-ceramide-solution","title":{"rendered":"AESTHETICO &#8211;  CERAMIDE SOLUTION"},"content":{"rendered":"<p>L\u00ebkurat e thata kan\u00eb nj\u00eb munges\u00eb t\u00eb acidit linoleik duke b\u00ebr\u00eb q\u00eb l\u00ebkura t\u00eb jet\u00eb mjaft e that\u00eb. L\u00ebkura e thate ka nevoj\u00eb p\u00ebr nj\u00eb zgjidhje q\u00eb t\u00eb jet\u00eb e hidratuar. Ceramide Solution \u00ebsht\u00eb krijuar p\u00ebr k\u00ebt\u00eb tip l\u00ebkure. Ceramidet jan\u00eb t\u00eb r\u00ebnd\u00ebsishme p\u00ebr t\u00eb mbrojtur barrier\u00ebn e l\u00ebkur\u00ebs dhe p\u00ebr ta hidratuar at\u00eb. Ceramide Solution ka efekt zbut\u00ebs, hidratues p\u00ebr nj\u00eb funksion barrier\u00eb m\u00eb t\u00eb fuqishem ndaj d\u00ebmtimeve oksidative te qelizave. Nd\u00ebrveprimi i vajrave esencial\u00eb me ceramidet mund\u00ebson nj\u00eb efekt m\u00eb t\u00eb fuqish\u00ebm si barrier\u00eb mbrojt\u00ebse. Aesthetico Ceramide ka n\u00eb p\u00ebrb\u00ebrjen e tij nj\u00eb p\u00ebrqindje te lart\u00eb t\u00eb:<br \/>\n\u2022 Acidit Linoleik q\u00eb e b\u00ebn k\u00ebt\u00eb serum t\u00eb kontribuoj\u00eb n\u00eb p\u00ebrmir\u00ebsimin e l\u00ebkur\u00ebs dhe t\u00eb qelizave t\u00eb saj.<br \/>\n\u2022 Ekstrakt me p\u00ebrqindje t\u00eb lart\u00eb Fitosteroli, q\u00eb \u00ebsht\u00eb i ngjash\u00ebm me struktur\u00ebn e kolesterolit i cili b\u00ebn t\u00eb mundur q\u00eb barriera e l\u00ebkur\u00ebs t\u00eb jet\u00eb e sh\u00ebndetshme dhe t\u00eb jete e hidratuar n\u00eb m\u00ebnyr\u00eb intensive.<br \/>\nSasia: 20ml.<\/p>\n","protected":false},"excerpt":{"rendered":"<p>L\u00ebkurat e thata kan\u00eb nj\u00eb munges\u00eb t\u00eb acidit linoleik duke b\u00ebr\u00eb q\u00eb l\u00ebkura t\u00eb jet\u00eb mjaft e that\u00eb. L\u00ebkura e thate ka nevoj\u00eb p\u00ebr nj\u00eb zgjidhje q\u00eb t\u00eb jet\u00eb e hidratuar. Ceramide Solution \u00ebsht\u00eb krijuar p\u00ebr k\u00ebt\u00eb tip l\u00ebkure. Ceramidet jan\u00eb t\u00eb r\u00ebnd\u00ebsishme p\u00ebr t\u00eb mbrojtur barrier\u00ebn e l\u00ebkur\u00ebs dhe p\u00ebr ta hidratuar at\u00eb. Ceramide Solution ka efekt zbut\u00ebs, hidratues p\u00ebr nj\u00eb funksion barrier\u00eb m\u00eb t\u00eb fuqishem ndaj d\u00ebmtimeve oksidative te qelizave. Nd\u00ebrveprimi i vajrave esencial\u00eb me ceramidet mund\u00ebson nj\u00eb efekt m\u00eb t\u00eb fuqish\u00ebm si barrier\u00eb mbrojt\u00ebse. Aesthetico Ceramide ka n\u00eb p\u00ebrb\u00ebrjen e tij nj\u00eb p\u00ebrqindje te lart\u00eb t\u00eb:<br \/>\n\u2022 Acidit Linoleik q\u00eb e b\u00ebn k\u00ebt\u00eb serum t\u00eb kontribuoj\u00eb n\u00eb p\u00ebrmir\u00ebsimin e l\u00ebkur\u00ebs dhe t\u00eb qelizave t\u00eb saj.<br \/>\n\u2022 Ekstrakt me p\u00ebrqindje t\u00eb lart\u00eb Fitosteroli, q\u00eb \u00ebsht\u00eb i ngjash\u00ebm me struktur\u00ebn e kolesterolit i cili b\u00ebn t\u00eb mundur q\u00eb barriera e l\u00ebkur\u00ebs t\u00eb jet\u00eb e sh\u00ebndetshme dhe t\u00eb jete e hidratuar n\u00eb m\u00ebnyr\u00eb intensive.<br \/>\nSasia: 20ml.<\/p>\n","protected":false},"featured_media":5405,"comment_status":"open","ping_status":"closed","template":"","meta":[],"product_cat":[86],"product_tag":[],"class_list":{"0":"post-6091","1":"product","2":"type-product","3":"status-publish","4":"has-post-thumbnail","6":"product_cat-aesthetico","8":"first","9":"instock","10":"shipping-taxable","11":"product-type-simple"},"_links":{"self":[{"href":"https:\/\/megapharm.al\/index.php?rest_route=\/wp\/v2\/product\/6091","targetHints":{"allow":["GET"]}}],"collection":[{"href":"https:\/\/megapharm.al\/index.php?rest_route=\/wp\/v2\/product"}],"about":[{"href":"https:\/\/megapharm.al\/index.php?rest_route=\/wp\/v2\/types\/product"}],"replies":[{"embeddable":true,"href":"https:\/\/megapharm.al\/index.php?rest_route=%2Fwp%2Fv2%2Fcomments&post=6091"}],"wp:featuredmedia":[{"embeddable":true,"href":"https:\/\/megapharm.al\/index.php?rest_route=\/wp\/v2\/media\/5405"}],"wp:attachment":[{"href":"https:\/\/megapharm.al\/index.php?rest_route=%2Fwp%2Fv2%2Fmedia&parent=6091"}],"wp:term":[{"taxonomy":"product_cat","embeddable":true,"href":"https:\/\/megapharm.al\/index.php?rest_route=%2Fwp%2Fv2%2Fproduct_cat&post=6091"},{"taxonomy":"product_tag","embeddable":true,"href":"https:\/\/megapharm.al\/index.php?rest_route=%2Fwp%2Fv2%2Fproduct_tag&post=6091"}],"curies":[{"name":"wp","href":"https:\/\/api.w.org\/{rel}","templated":true}]}}