{"id":6083,"date":"2021-01-24T10:34:01","date_gmt":"2021-01-24T10:34:01","guid":{"rendered":"http:\/\/megapharm.al\/index.php\/product\/import-placeholder-for-1968\/"},"modified":"2021-01-24T10:34:08","modified_gmt":"2021-01-24T10:34:08","slug":"aesthetico-lip-perfection","status":"publish","type":"product","link":"https:\/\/megapharm.al\/?product=aesthetico-lip-perfection","title":{"rendered":"AESTHETICO LIP PERFECTION"},"content":{"rendered":"<p>Krem p\u00ebr buz\u00ebt me efekt volumizues si pasoj\u00eb e ekstraktit t\u00eb rrenj\u00ebs s\u00eb mustard\u00ebs.<br \/>\nP\u00ebrdorimi: Aplikim sipas d\u00ebshir\u00ebs.<br \/>\nSasia: 15 ml<\/p>\n","protected":false},"excerpt":{"rendered":"<p>Krem p\u00ebr buz\u00ebt me efekt volumizues si pasoj\u00eb e ekstraktit t\u00eb rrenj\u00ebs s\u00eb mustard\u00ebs.<br \/>\nP\u00ebrdorimi: Aplikim sipas d\u00ebshir\u00ebs.<br \/>\nSasia: 15 ml<\/p>\n","protected":false},"featured_media":5397,"comment_status":"open","ping_status":"closed","template":"","meta":[],"product_cat":[86],"product_tag":[],"class_list":{"0":"post-6083","1":"product","2":"type-product","3":"status-publish","4":"has-post-thumbnail","6":"product_cat-aesthetico","8":"first","9":"instock","10":"shipping-taxable","11":"product-type-simple"},"_links":{"self":[{"href":"https:\/\/megapharm.al\/index.php?rest_route=\/wp\/v2\/product\/6083","targetHints":{"allow":["GET"]}}],"collection":[{"href":"https:\/\/megapharm.al\/index.php?rest_route=\/wp\/v2\/product"}],"about":[{"href":"https:\/\/megapharm.al\/index.php?rest_route=\/wp\/v2\/types\/product"}],"replies":[{"embeddable":true,"href":"https:\/\/megapharm.al\/index.php?rest_route=%2Fwp%2Fv2%2Fcomments&post=6083"}],"wp:featuredmedia":[{"embeddable":true,"href":"https:\/\/megapharm.al\/index.php?rest_route=\/wp\/v2\/media\/5397"}],"wp:attachment":[{"href":"https:\/\/megapharm.al\/index.php?rest_route=%2Fwp%2Fv2%2Fmedia&parent=6083"}],"wp:term":[{"taxonomy":"product_cat","embeddable":true,"href":"https:\/\/megapharm.al\/index.php?rest_route=%2Fwp%2Fv2%2Fproduct_cat&post=6083"},{"taxonomy":"product_tag","embeddable":true,"href":"https:\/\/megapharm.al\/index.php?rest_route=%2Fwp%2Fv2%2Fproduct_tag&post=6083"}],"curies":[{"name":"wp","href":"https:\/\/api.w.org\/{rel}","templated":true}]}}