{"id":6082,"date":"2021-01-24T10:34:01","date_gmt":"2021-01-24T10:34:01","guid":{"rendered":"http:\/\/megapharm.al\/index.php\/product\/import-placeholder-for-1967\/"},"modified":"2021-01-24T10:34:08","modified_gmt":"2021-01-24T10:34:08","slug":"aesthetico-phytocare","status":"publish","type":"product","link":"https:\/\/megapharm.al\/?product=aesthetico-phytocare","title":{"rendered":"AESTHETICO PHYTOCARE"},"content":{"rendered":"<p>Gel krem p\u00ebr l\u00ebkura mikse t\u00eb yndyrshme dhe me tendenc\u00eb akneike. Fal\u00eb p\u00ebrb\u00ebr\u00ebsve t\u00eb tij si Zink PCA, acid salicilik dhe acid benzoik b\u00ebn matifikim e l\u00ebkur\u00ebs duke p\u00ebrthithur yndyr\u00ebn e tep\u00ebrt.<br \/>\nP\u00ebrdorimi: 2 her\u00eb n\u00eb dit\u00eb<br \/>\nSasia: 50ml<\/p>\n","protected":false},"excerpt":{"rendered":"<p>Gel krem p\u00ebr l\u00ebkura mikse t\u00eb yndyrshme dhe me tendenc\u00eb akneike. Fal\u00eb p\u00ebrb\u00ebr\u00ebsve t\u00eb tij si Zink PCA, acid salicilik dhe acid benzoik b\u00ebn matifikim e l\u00ebkur\u00ebs duke p\u00ebrthithur yndyr\u00ebn e tep\u00ebrt.<br \/>\nP\u00ebrdorimi: 2 her\u00eb n\u00eb dit\u00eb<br \/>\nSasia: 50ml<\/p>\n","protected":false},"featured_media":5396,"comment_status":"open","ping_status":"closed","template":"","meta":[],"product_cat":[86],"product_tag":[],"class_list":{"0":"post-6082","1":"product","2":"type-product","3":"status-publish","4":"has-post-thumbnail","6":"product_cat-aesthetico","8":"first","9":"instock","10":"shipping-taxable","11":"product-type-simple"},"_links":{"self":[{"href":"https:\/\/megapharm.al\/index.php?rest_route=\/wp\/v2\/product\/6082","targetHints":{"allow":["GET"]}}],"collection":[{"href":"https:\/\/megapharm.al\/index.php?rest_route=\/wp\/v2\/product"}],"about":[{"href":"https:\/\/megapharm.al\/index.php?rest_route=\/wp\/v2\/types\/product"}],"replies":[{"embeddable":true,"href":"https:\/\/megapharm.al\/index.php?rest_route=%2Fwp%2Fv2%2Fcomments&post=6082"}],"wp:featuredmedia":[{"embeddable":true,"href":"https:\/\/megapharm.al\/index.php?rest_route=\/wp\/v2\/media\/5396"}],"wp:attachment":[{"href":"https:\/\/megapharm.al\/index.php?rest_route=%2Fwp%2Fv2%2Fmedia&parent=6082"}],"wp:term":[{"taxonomy":"product_cat","embeddable":true,"href":"https:\/\/megapharm.al\/index.php?rest_route=%2Fwp%2Fv2%2Fproduct_cat&post=6082"},{"taxonomy":"product_tag","embeddable":true,"href":"https:\/\/megapharm.al\/index.php?rest_route=%2Fwp%2Fv2%2Fproduct_tag&post=6082"}],"curies":[{"name":"wp","href":"https:\/\/api.w.org\/{rel}","templated":true}]}}