{"id":6079,"date":"2021-01-24T10:34:00","date_gmt":"2021-01-24T10:34:00","guid":{"rendered":"http:\/\/megapharm.al\/index.php\/product\/import-placeholder-for-1964\/"},"modified":"2021-01-24T10:34:07","modified_gmt":"2021-01-24T10:34:07","slug":"aesthetico-eye-balance-gel","status":"publish","type":"product","link":"https:\/\/megapharm.al\/?product=aesthetico-eye-balance-gel","title":{"rendered":"Aesthetico eye balance gel"},"content":{"rendered":"<p>Gel anti-age p\u00ebr konturin e syve , me nj\u00eb efekt t\u00eb trefisht\u00eb: rigjenerues, zbut\u00ebs dhe hidratues.<\/p>\n<p>P\u00ebrdorimi: Apliko n\u00eb konturin e syve n\u00eb m\u00ebngjes dhe dark\u00eb.<\/p>\n<p>Sasia: 15 ml<\/p>\n","protected":false},"excerpt":{"rendered":"<p>Gel anti-age p\u00ebr konturin e syve , me nj\u00eb efekt t\u00eb trefisht\u00eb: rigjenerues, zbut\u00ebs dhe hidratues.<\/p>\n<p>P\u00ebrdorimi: Apliko n\u00eb konturin e syve n\u00eb m\u00ebngjes dhe dark\u00eb.<\/p>\n<p>Sasia: 15 ml<\/p>\n","protected":false},"featured_media":5393,"comment_status":"open","ping_status":"closed","template":"","meta":[],"product_cat":[86],"product_tag":[],"class_list":{"0":"post-6079","1":"product","2":"type-product","3":"status-publish","4":"has-post-thumbnail","6":"product_cat-aesthetico","8":"first","9":"instock","10":"shipping-taxable","11":"product-type-simple"},"_links":{"self":[{"href":"https:\/\/megapharm.al\/index.php?rest_route=\/wp\/v2\/product\/6079","targetHints":{"allow":["GET"]}}],"collection":[{"href":"https:\/\/megapharm.al\/index.php?rest_route=\/wp\/v2\/product"}],"about":[{"href":"https:\/\/megapharm.al\/index.php?rest_route=\/wp\/v2\/types\/product"}],"replies":[{"embeddable":true,"href":"https:\/\/megapharm.al\/index.php?rest_route=%2Fwp%2Fv2%2Fcomments&post=6079"}],"wp:featuredmedia":[{"embeddable":true,"href":"https:\/\/megapharm.al\/index.php?rest_route=\/wp\/v2\/media\/5393"}],"wp:attachment":[{"href":"https:\/\/megapharm.al\/index.php?rest_route=%2Fwp%2Fv2%2Fmedia&parent=6079"}],"wp:term":[{"taxonomy":"product_cat","embeddable":true,"href":"https:\/\/megapharm.al\/index.php?rest_route=%2Fwp%2Fv2%2Fproduct_cat&post=6079"},{"taxonomy":"product_tag","embeddable":true,"href":"https:\/\/megapharm.al\/index.php?rest_route=%2Fwp%2Fv2%2Fproduct_tag&post=6079"}],"curies":[{"name":"wp","href":"https:\/\/api.w.org\/{rel}","templated":true}]}}