{"id":6065,"date":"2021-01-24T10:33:49","date_gmt":"2021-01-24T10:33:49","guid":{"rendered":"http:\/\/megapharm.al\/index.php\/product\/import-placeholder-for-1950\/"},"modified":"2021-01-24T10:33:56","modified_gmt":"2021-01-24T10:33:56","slug":"aesthetico-vital-care","status":"publish","type":"product","link":"https:\/\/megapharm.al\/?product=aesthetico-vital-care","title":{"rendered":"AESTHETICO VITAL CARE"},"content":{"rendered":"<p>Mask\u00eb me argjil t\u00eb gjelb\u00ebr. E p\u00ebrshtatshme p\u00ebr l\u00ebkura te yndyrshme dhe me akne.<br \/>\nP\u00ebrdorimi: Apliko n\u00eb l\u00ebkur\u00eb t\u00eb past\u00ebr pak produkt p\u00ebr 15 minuta dhe pastaj hiqe.<br \/>\nSasia : 50 ml<\/p>\n","protected":false},"excerpt":{"rendered":"<p>Mask\u00eb me argjil t\u00eb gjelb\u00ebr. E p\u00ebrshtatshme p\u00ebr l\u00ebkura te yndyrshme dhe me akne.<br \/>\nP\u00ebrdorimi: Apliko n\u00eb l\u00ebkur\u00eb t\u00eb past\u00ebr pak produkt p\u00ebr 15 minuta dhe pastaj hiqe.<br \/>\nSasia : 50 ml<\/p>\n","protected":false},"featured_media":5379,"comment_status":"open","ping_status":"closed","template":"","meta":[],"product_cat":[86],"product_tag":[],"class_list":{"0":"post-6065","1":"product","2":"type-product","3":"status-publish","4":"has-post-thumbnail","6":"product_cat-aesthetico","8":"first","9":"instock","10":"shipping-taxable","11":"product-type-simple"},"_links":{"self":[{"href":"https:\/\/megapharm.al\/index.php?rest_route=\/wp\/v2\/product\/6065","targetHints":{"allow":["GET"]}}],"collection":[{"href":"https:\/\/megapharm.al\/index.php?rest_route=\/wp\/v2\/product"}],"about":[{"href":"https:\/\/megapharm.al\/index.php?rest_route=\/wp\/v2\/types\/product"}],"replies":[{"embeddable":true,"href":"https:\/\/megapharm.al\/index.php?rest_route=%2Fwp%2Fv2%2Fcomments&post=6065"}],"wp:featuredmedia":[{"embeddable":true,"href":"https:\/\/megapharm.al\/index.php?rest_route=\/wp\/v2\/media\/5379"}],"wp:attachment":[{"href":"https:\/\/megapharm.al\/index.php?rest_route=%2Fwp%2Fv2%2Fmedia&parent=6065"}],"wp:term":[{"taxonomy":"product_cat","embeddable":true,"href":"https:\/\/megapharm.al\/index.php?rest_route=%2Fwp%2Fv2%2Fproduct_cat&post=6065"},{"taxonomy":"product_tag","embeddable":true,"href":"https:\/\/megapharm.al\/index.php?rest_route=%2Fwp%2Fv2%2Fproduct_tag&post=6065"}],"curies":[{"name":"wp","href":"https:\/\/api.w.org\/{rel}","templated":true}]}}