{"id":5981,"date":"2021-01-24T10:33:11","date_gmt":"2021-01-24T10:33:11","guid":{"rendered":"http:\/\/megapharm.al\/index.php\/product\/import-placeholder-for-1847\/"},"modified":"2024-10-23T03:33:02","modified_gmt":"2024-10-23T03:33:02","slug":"nebulizer-turbo-mini","status":"publish","type":"product","link":"https:\/\/megapharm.al\/?product=nebulizer-turbo-mini","title":{"rendered":"Nebulizer Turbo Mini"},"content":{"rendered":"<p>Aparat aerosoli p\u00ebr t\u00eb gjith\u00eb familjen.<\/p>\n<p>Kapaciteti 2-10 ml solucion.<\/p>\n<p>Niveli i zhurm\u00ebs rreth 55 Db.<\/p>\n<p>Cikli i pun\u00ebs: 30 min n\u00eb pun\u00eb\u201430 min fikur.<\/p>\n<p>Pesha: 1300 gr<\/p>\n","protected":false},"excerpt":{"rendered":"<p>Aparat aerosoli p\u00ebr t\u00eb gjith\u00eb familjen.<\/p>\n<p>Kapaciteti 2-10 ml solucion.<\/p>\n<p>Niveli i zhurm\u00ebs rreth 55 Db.<\/p>\n<p>Cikli i pun\u00ebs: 30 min n\u00eb pun\u00eb\u201430 min fikur.<\/p>\n<p>Pesha: 1300 gr<\/p>\n","protected":false},"featured_media":5298,"comment_status":"open","ping_status":"closed","template":"","meta":[],"product_cat":[88],"product_tag":[],"class_list":{"0":"post-5981","1":"product","2":"type-product","3":"status-publish","4":"has-post-thumbnail","6":"product_cat-dr-frei","8":"first","9":"instock","10":"shipping-taxable","11":"product-type-simple"},"_links":{"self":[{"href":"https:\/\/megapharm.al\/index.php?rest_route=\/wp\/v2\/product\/5981","targetHints":{"allow":["GET"]}}],"collection":[{"href":"https:\/\/megapharm.al\/index.php?rest_route=\/wp\/v2\/product"}],"about":[{"href":"https:\/\/megapharm.al\/index.php?rest_route=\/wp\/v2\/types\/product"}],"replies":[{"embeddable":true,"href":"https:\/\/megapharm.al\/index.php?rest_route=%2Fwp%2Fv2%2Fcomments&post=5981"}],"wp:featuredmedia":[{"embeddable":true,"href":"https:\/\/megapharm.al\/index.php?rest_route=\/wp\/v2\/media\/5298"}],"wp:attachment":[{"href":"https:\/\/megapharm.al\/index.php?rest_route=%2Fwp%2Fv2%2Fmedia&parent=5981"}],"wp:term":[{"taxonomy":"product_cat","embeddable":true,"href":"https:\/\/megapharm.al\/index.php?rest_route=%2Fwp%2Fv2%2Fproduct_cat&post=5981"},{"taxonomy":"product_tag","embeddable":true,"href":"https:\/\/megapharm.al\/index.php?rest_route=%2Fwp%2Fv2%2Fproduct_tag&post=5981"}],"curies":[{"name":"wp","href":"https:\/\/api.w.org\/{rel}","templated":true}]}}