{"id":5962,"date":"2021-01-24T10:33:07","date_gmt":"2021-01-24T10:33:07","guid":{"rendered":"http:\/\/megapharm.al\/index.php\/product\/import-placeholder-for-1797\/"},"modified":"2021-01-24T10:33:13","modified_gmt":"2021-01-24T10:33:13","slug":"altadrine-fatcarb-blocker","status":"publish","type":"product","link":"https:\/\/megapharm.al\/?product=altadrine-fatcarb-blocker","title":{"rendered":"Altadrine Fat&amp;Carb Blocker"},"content":{"rendered":"<p>ALTADRINE Fat &amp; Carb Blocker \u00ebsht\u00eb nj\u00eb pije me fibra me shije portokalli q\u00eb bllokon yndyrnat dhe karbohidratet. Ndihmon n\u00eb kontrollin e pesh\u00ebs duke bllokuar shp\u00ebrb\u00ebrjen e karbohidrateve dhe duke absorbuar yndyrnat. P\u00ebrb\u00ebr\u00ebsi bllokues i karbohidrateve merret nga ekstrakti i Phaseulus vulgaris ( fasulja) dhe bllokuesi i yndyrnave \u00ebsht\u00eb nj\u00eb formul\u00eb me baze fibrash.<br \/>\nP\u00ebrdorimi: 1 bustin\u00eb n\u00eb nj\u00eb got\u00eb uj\u00eb, pihet direkt pas p\u00ebrgatitjes.<\/p>\n<p>Paketimi; 20 bustina<\/p>\n","protected":false},"excerpt":{"rendered":"<p>ALTADRINE Fat &amp; Carb Blocker \u00ebsht\u00eb nj\u00eb pije me fibra me shije portokalli q\u00eb bllokon yndyrnat dhe karbohidratet. Ndihmon n\u00eb kontrollin e pesh\u00ebs duke bllokuar shp\u00ebrb\u00ebrjen e karbohidrateve dhe duke absorbuar yndyrnat. P\u00ebrb\u00ebr\u00ebsi bllokues i karbohidrateve merret nga ekstrakti i Phaseulus vulgaris ( fasulja) dhe bllokuesi i yndyrnave \u00ebsht\u00eb nj\u00eb formul\u00eb me baze fibrash.<br \/>\nP\u00ebrdorimi: 1 bustin\u00eb n\u00eb nj\u00eb got\u00eb uj\u00eb, pihet direkt pas p\u00ebrgatitjes.<\/p>\n<p>Paketimi; 20 bustina<\/p>\n","protected":false},"featured_media":5279,"comment_status":"open","ping_status":"closed","template":"","meta":[],"product_cat":[77,79],"product_tag":[],"class_list":{"0":"post-5962","1":"product","2":"type-product","3":"status-publish","4":"has-post-thumbnail","6":"product_cat-suplemente","7":"product_cat-altacare","9":"first","10":"instock","11":"shipping-taxable","12":"product-type-simple"},"_links":{"self":[{"href":"https:\/\/megapharm.al\/index.php?rest_route=\/wp\/v2\/product\/5962","targetHints":{"allow":["GET"]}}],"collection":[{"href":"https:\/\/megapharm.al\/index.php?rest_route=\/wp\/v2\/product"}],"about":[{"href":"https:\/\/megapharm.al\/index.php?rest_route=\/wp\/v2\/types\/product"}],"replies":[{"embeddable":true,"href":"https:\/\/megapharm.al\/index.php?rest_route=%2Fwp%2Fv2%2Fcomments&post=5962"}],"wp:featuredmedia":[{"embeddable":true,"href":"https:\/\/megapharm.al\/index.php?rest_route=\/wp\/v2\/media\/5279"}],"wp:attachment":[{"href":"https:\/\/megapharm.al\/index.php?rest_route=%2Fwp%2Fv2%2Fmedia&parent=5962"}],"wp:term":[{"taxonomy":"product_cat","embeddable":true,"href":"https:\/\/megapharm.al\/index.php?rest_route=%2Fwp%2Fv2%2Fproduct_cat&post=5962"},{"taxonomy":"product_tag","embeddable":true,"href":"https:\/\/megapharm.al\/index.php?rest_route=%2Fwp%2Fv2%2Fproduct_tag&post=5962"}],"curies":[{"name":"wp","href":"https:\/\/api.w.org\/{rel}","templated":true}]}}