{"id":5961,"date":"2021-01-24T10:33:07","date_gmt":"2021-01-24T10:33:07","guid":{"rendered":"http:\/\/megapharm.al\/index.php\/product\/import-placeholder-for-1795\/"},"modified":"2024-10-26T17:57:56","modified_gmt":"2024-10-26T17:57:56","slug":"venalta-cryogel","status":"publish","type":"product","link":"https:\/\/megapharm.al\/?product=venalta-cryogel","title":{"rendered":"Venalta Cryogel"},"content":{"rendered":"<p>Trajtim specifik p\u00ebr k\u00ebmb\u00ebt e lodhura i cili p\u00ebrmir\u00ebson qarkullimin e gjakut. Indikohet kryesisht p\u00ebr femra qe veshin taka t\u00eb larta, p\u00ebr njer\u00ebzit q\u00eb rrin\u00eb n\u00eb k\u00ebmb\u00eb ose ulur p\u00ebr nj\u00eb koh\u00eb t\u00eb gjat\u00eb dhe personave me sindrom\u00ebn \u201ccold feet\u201d. L\u00ebshon bioflavonoide, tanine, polifenole t\u00eb marra nga ekstraktet e ver\u00ebs dhe g\u00ebshtenjave t\u00eb egra.<\/p>\n<p>Perdorimi: Aplikohet duke masazhuar lehte tek pjesa e kembeve. Nga pjesa e brendshme nga poshte \u2013 lart dhe nga pjesa e jashtme nga lart-poshte.<br \/>\nPaketimi: gel 120 ml.<\/p>\n","protected":false},"excerpt":{"rendered":"<p>Trajtim specifik p\u00ebr k\u00ebmb\u00ebt e lodhura i cili p\u00ebrmir\u00ebson qarkullimin e gjakut. Indikohet kryesisht p\u00ebr femra qe veshin taka t\u00eb larta, p\u00ebr njer\u00ebzit q\u00eb rrin\u00eb n\u00eb k\u00ebmb\u00eb ose ulur p\u00ebr nj\u00eb koh\u00eb t\u00eb gjat\u00eb dhe personave me sindrom\u00ebn \u201ccold feet\u201d. L\u00ebshon bioflavonoide, tanine, polifenole t\u00eb marra nga ekstraktet e ver\u00ebs dhe g\u00ebshtenjave t\u00eb egra.<\/p>\n<p>Perdorimi: Aplikohet duke masazhuar lehte tek pjesa e kembeve. Nga pjesa e brendshme nga poshte \u2013 lart dhe nga pjesa e jashtme nga lart-poshte.<br \/>\nPaketimi: gel 120 ml.<\/p>\n","protected":false},"featured_media":5278,"comment_status":"open","ping_status":"closed","template":"","meta":[],"product_cat":[77,79],"product_tag":[],"class_list":{"0":"post-5961","1":"product","2":"type-product","3":"status-publish","4":"has-post-thumbnail","6":"product_cat-suplemente","7":"product_cat-altacare","9":"first","10":"instock","11":"shipping-taxable","12":"product-type-simple"},"_links":{"self":[{"href":"https:\/\/megapharm.al\/index.php?rest_route=\/wp\/v2\/product\/5961","targetHints":{"allow":["GET"]}}],"collection":[{"href":"https:\/\/megapharm.al\/index.php?rest_route=\/wp\/v2\/product"}],"about":[{"href":"https:\/\/megapharm.al\/index.php?rest_route=\/wp\/v2\/types\/product"}],"replies":[{"embeddable":true,"href":"https:\/\/megapharm.al\/index.php?rest_route=%2Fwp%2Fv2%2Fcomments&post=5961"}],"wp:featuredmedia":[{"embeddable":true,"href":"https:\/\/megapharm.al\/index.php?rest_route=\/wp\/v2\/media\/5278"}],"wp:attachment":[{"href":"https:\/\/megapharm.al\/index.php?rest_route=%2Fwp%2Fv2%2Fmedia&parent=5961"}],"wp:term":[{"taxonomy":"product_cat","embeddable":true,"href":"https:\/\/megapharm.al\/index.php?rest_route=%2Fwp%2Fv2%2Fproduct_cat&post=5961"},{"taxonomy":"product_tag","embeddable":true,"href":"https:\/\/megapharm.al\/index.php?rest_route=%2Fwp%2Fv2%2Fproduct_tag&post=5961"}],"curies":[{"name":"wp","href":"https:\/\/api.w.org\/{rel}","templated":true}]}}