{"id":5956,"date":"2021-01-24T10:33:07","date_gmt":"2021-01-24T10:33:07","guid":{"rendered":"http:\/\/megapharm.al\/index.php\/product\/import-placeholder-for-1790\/"},"modified":"2024-10-24T16:05:16","modified_gmt":"2024-10-24T16:05:16","slug":"altaflora-gastrogel-2","status":"publish","type":"product","link":"https:\/\/megapharm.al\/?product=altaflora-gastrogel-2","title":{"rendered":"Altaflora Gastrogel"},"content":{"rendered":"<p>Altaflora Gastrogel Liquid me bustina \u00ebsht\u00eb nj\u00eb suplement i cili permban alginat natriumi dhe hyluronat natriumi, me ekstrakte t\u00eb shtuara t\u00eb aloe vera e cila ka efekt qet\u00ebsues n\u00eb sistemin tret\u00ebs. Altaflora Gastrogel Liquid me bustina kontrollon aciditetin gastrik. Ndihmon n\u00eb trajtimin dhe parandalimin e ulceres n\u00eb stomak.<br \/>\nP\u00ebrdorimi: 2 &#8211; 3 bustina n\u00eb dit\u00eb, pas ushqimit. Mund t\u00eb merret direkt ose t\u00eb tretet n\u00eb nj\u00eb got\u00eb uj\u00eb.<\/p>\n<p>Paketimi: 10 bustina<\/p>\n","protected":false},"excerpt":{"rendered":"<p>Altaflora Gastrogel Liquid me bustina \u00ebsht\u00eb nj\u00eb suplement i cili permban alginat natriumi dhe hyluronat natriumi, me ekstrakte t\u00eb shtuara t\u00eb aloe vera e cila ka efekt qet\u00ebsues n\u00eb sistemin tret\u00ebs. Altaflora Gastrogel Liquid me bustina kontrollon aciditetin gastrik. Ndihmon n\u00eb trajtimin dhe parandalimin e ulceres n\u00eb stomak.<br \/>\nP\u00ebrdorimi: 2 &#8211; 3 bustina n\u00eb dit\u00eb, pas ushqimit. Mund t\u00eb merret direkt ose t\u00eb tretet n\u00eb nj\u00eb got\u00eb uj\u00eb.<\/p>\n<p>Paketimi: 10 bustina<\/p>\n","protected":false},"featured_media":5273,"comment_status":"open","ping_status":"closed","template":"","meta":[],"product_cat":[77,79],"product_tag":[],"class_list":{"0":"post-5956","1":"product","2":"type-product","3":"status-publish","4":"has-post-thumbnail","6":"product_cat-suplemente","7":"product_cat-altacare","9":"first","10":"instock","11":"shipping-taxable","12":"product-type-simple"},"_links":{"self":[{"href":"https:\/\/megapharm.al\/index.php?rest_route=\/wp\/v2\/product\/5956","targetHints":{"allow":["GET"]}}],"collection":[{"href":"https:\/\/megapharm.al\/index.php?rest_route=\/wp\/v2\/product"}],"about":[{"href":"https:\/\/megapharm.al\/index.php?rest_route=\/wp\/v2\/types\/product"}],"replies":[{"embeddable":true,"href":"https:\/\/megapharm.al\/index.php?rest_route=%2Fwp%2Fv2%2Fcomments&post=5956"}],"wp:featuredmedia":[{"embeddable":true,"href":"https:\/\/megapharm.al\/index.php?rest_route=\/wp\/v2\/media\/5273"}],"wp:attachment":[{"href":"https:\/\/megapharm.al\/index.php?rest_route=%2Fwp%2Fv2%2Fmedia&parent=5956"}],"wp:term":[{"taxonomy":"product_cat","embeddable":true,"href":"https:\/\/megapharm.al\/index.php?rest_route=%2Fwp%2Fv2%2Fproduct_cat&post=5956"},{"taxonomy":"product_tag","embeddable":true,"href":"https:\/\/megapharm.al\/index.php?rest_route=%2Fwp%2Fv2%2Fproduct_tag&post=5956"}],"curies":[{"name":"wp","href":"https:\/\/api.w.org\/{rel}","templated":true}]}}