{"id":7289,"date":"2021-12-14T11:53:04","date_gmt":"2021-12-14T11:53:04","guid":{"rendered":"https:\/\/megapharm.al\/?page_id=7289"},"modified":"2025-11-13T15:22:00","modified_gmt":"2025-11-13T15:22:00","slug":"pajtueshmeria2","status":"publish","type":"page","link":"https:\/\/megapharm.al\/?page_id=7289","title":{"rendered":"Pajtueshm\u00ebria"},"content":{"rendered":"\t\t<div data-elementor-type=\"wp-page\" data-elementor-id=\"7289\" class=\"elementor elementor-7289\" data-elementor-post-type=\"page\">\n\t\t\t\t\t\t<section data-particle_enable=\"false\" data-particle-mobile-disabled=\"false\" class=\"elementor-section elementor-top-section elementor-element elementor-element-9a5fec1 elementor-section-boxed elementor-section-height-default elementor-section-height-default\" data-id=\"9a5fec1\" data-element_type=\"section\">\n\t\t\t\t\t\t<div class=\"elementor-container elementor-column-gap-default\">\n\t\t\t\t\t<div class=\"elementor-column elementor-col-100 elementor-top-column elementor-element elementor-element-88b614d\" data-id=\"88b614d\" data-element_type=\"column\">\n\t\t\t<div class=\"elementor-widget-wrap elementor-element-populated\">\n\t\t\t\t\t\t<div class=\"elementor-element elementor-element-6747aee elementor-widget elementor-widget-text-editor\" data-id=\"6747aee\" data-element_type=\"widget\" data-widget_type=\"text-editor.default\">\n\t\t\t\t<div class=\"elementor-widget-container\">\n\t\t\t\t\t\t\t<p>Megapharm ka krijuar nj\u00eb sistem pajtueshm\u00ebrie t\u00eb quajtur \u201cMegapharm Compliance\u201d, i cili e<br \/>ndihmon kompanin\u00eb dhe punonj\u00ebsit e saj q\u00eb t\u00eb ndjekin t\u00eb gjitha rregulloret dhe procedurat e<br \/>p\u00ebrcaktuara, duke zbatuar korniz\u00ebn ligjore n\u00eb t\u00eb gjitha operacionet e saj.<\/p><p>P\u00ebr k\u00ebt\u00eb arsye n\u00eb kompani hartohen rregullore t\u00eb brendshme, t\u00eb cilat u shp\u00ebrndahen t\u00eb gjith\u00eb<br \/>punonj\u00ebsve q\u00eb ata t\u00eb veprojn\u00eb n\u00eb p\u00ebrputhje t\u00eb plot\u00eb me standardet e p\u00ebrcaktuara. N\u00eb raste<br \/>ndryshimesh apo risish, punonj\u00ebsit trajnohen duke u informuar holl\u00ebsisht p\u00ebr to.<br \/>Kujdesi p\u00ebr punonj\u00ebsit dhe p\u00ebr mjedisin e pun\u00ebs, si edhe ruajtja e imazhit t\u00eb kompanis\u00eb dhe<br \/>respektimi i rregulloreve t\u00eb brendshme jan\u00eb elemente tejet t\u00eb r\u00ebnd\u00ebsishme t\u00eb pun\u00ebs n\u00eb<br \/>Megapharm.<\/p><p><a href=\"http:\/\/megapharm.al\/wp-content\/uploads\/2021\/09\/Data-Privacy-Megapharma.pdf\" target=\"_blank\" rel=\"noreferrer noopener\" data-type=\"URL\"><strong>T\u00eb dh\u00ebnat personale dhe privat\u00ebsia<\/strong><\/a><\/p><p><strong><a href=\"https:\/\/megapharm.al\/wp-content\/uploads\/2025\/11\/Code-of-Conduct-Megapharm2025.pdf\" target=\"_blank\" rel=\"noreferrer noopener\" data-type=\"URL\" data-id=\"http:\/\/megapharm.al\/wp-content\/uploads\/2021\/05\/KODI_ETIK.pdf\">Kodi Etik<\/a><\/strong><\/p><p><a href=\"https:\/\/megapharm.al\/wp-content\/uploads\/2025\/11\/Doing-business-in-the-right-way2025.pdf\" target=\"_blank\" rel=\"noreferrer noopener\" data-type=\"URL\" data-id=\"http:\/\/megapharm.al\/wp-content\/uploads\/2021\/05\/Te-besh-biznes-ne-menyren-e-duhur.pdf\"><strong>T\u00eb b\u00ebsh biznes n\u00eb m\u00ebnyr\u00ebn e duhur<\/strong><\/a><\/p><p><strong><a href=\"https:\/\/megapharm.al\/wp-content\/uploads\/2025\/11\/Prevention-Corruption2025.pdf\" target=\"_blank\" rel=\"noreferrer noopener\" data-type=\"URL\" data-id=\"http:\/\/megapharm.al\/wp-content\/uploads\/2021\/05\/Parandalimi-Korrupsionit.pdf\">Parandalimi Korrupsionit<\/a><\/strong><\/p><p>Pajtueshm\u00ebria<br \/>a.neranxi@megapharm.al<\/p>\t\t\t\t\t\t<\/div>\n\t\t\t\t<\/div>\n\t\t\t\t\t<\/div>\n\t\t<\/div>\n\t\t\t\t\t<\/div>\n\t\t<\/section>\n\t\t\t\t<\/div>\n\t\t","protected":false},"excerpt":{"rendered":"<p>Megapharm ka krijuar nj\u00eb sistem pajtueshm\u00ebrie t\u00eb quajtur \u201cMegapharm Compliance\u201d, i cili endihmon kompanin\u00eb dhe punonj\u00ebsit e saj q\u00eb t\u00eb ndjekin t\u00eb gjitha rregulloret dhe procedurat ep\u00ebrcaktuara, duke zbatuar korniz\u00ebn ligjore n\u00eb t\u00eb gjitha operacionet e saj. P\u00ebr k\u00ebt\u00eb arsye n\u00eb kompani hartohen rregullore t\u00eb brendshme, t\u00eb cilat u shp\u00ebrndahen t\u00eb gjith\u00ebpunonj\u00ebsve q\u00eb ata t\u00eb [&hellip;]<\/p>\n","protected":false},"author":1,"featured_media":0,"parent":0,"menu_order":0,"comment_status":"closed","ping_status":"closed","template":"elementor_header_footer","meta":{"footnotes":""},"class_list":["post-7289","page","type-page","status-publish","hentry"],"_links":{"self":[{"href":"https:\/\/megapharm.al\/index.php?rest_route=\/wp\/v2\/pages\/7289","targetHints":{"allow":["GET"]}}],"collection":[{"href":"https:\/\/megapharm.al\/index.php?rest_route=\/wp\/v2\/pages"}],"about":[{"href":"https:\/\/megapharm.al\/index.php?rest_route=\/wp\/v2\/types\/page"}],"author":[{"embeddable":true,"href":"https:\/\/megapharm.al\/index.php?rest_route=\/wp\/v2\/users\/1"}],"replies":[{"embeddable":true,"href":"https:\/\/megapharm.al\/index.php?rest_route=%2Fwp%2Fv2%2Fcomments&post=7289"}],"version-history":[{"count":5,"href":"https:\/\/megapharm.al\/index.php?rest_route=\/wp\/v2\/pages\/7289\/revisions"}],"predecessor-version":[{"id":7817,"href":"https:\/\/megapharm.al\/index.php?rest_route=\/wp\/v2\/pages\/7289\/revisions\/7817"}],"wp:attachment":[{"href":"https:\/\/megapharm.al\/index.php?rest_route=%2Fwp%2Fv2%2Fmedia&parent=7289"}],"curies":[{"name":"wp","href":"https:\/\/api.w.org\/{rel}","templated":true}]}}